{"id":21470,"date":"2018-09-14T11:25:48","date_gmt":"2018-09-14T09:25:48","guid":{"rendered":"https:\/\/regiontatry.sk\/tatry-bez-barier\/"},"modified":"2020-11-02T10:48:40","modified_gmt":"2020-11-02T09:48:40","slug":"die-tatra-ohne-barrieren","status":"publish","type":"page","link":"https:\/\/regiontatry.sk\/de\/touristik\/die-tatra-ohne-barrieren\/","title":{"rendered":"Die Tatra ohne Barrieren"},"content":{"rendered":"\n<p>Ausgew\u00e4hlte Pfade der Tatra sind dank dem Projekt \u201eDie Tatra ohne Barrieren\u201c auch <strong>f\u00fcr Familien mit Kinderw\u00e4gen und Leute mit beschr\u00e4nkter Mobilit\u00e4t<\/strong> zug\u00e4nglich. W\u00e4hrend des ganzen Jahres k\u00f6nnen sie aus acht touristischen Strecken mit der Gesamtl\u00e4nge von mehr als 30km w\u00e4hlen und so zusammen mit anderen Touristen die Geheimnisse und Sch\u00f6nheiten der Tatra-Natur entdecken. <\/p>\n\n\n\n<ul class=\"wp-block-gallery columns-2 is-cropped\"><li class=\"blocks-gallery-item\"><figure><img loading=\"lazy\" decoding=\"async\" width=\"700\" height=\"525\" src=\"https:\/\/regiontatry.sk\/wp-content\/uploads\/2018\/10\/tatry_bez_barier_03.jpg\" alt=\"\" data-id=\"12999\" data-link=\"https:\/\/regiontatry.sk\/hiking\/tatry-bez-barier\/tatry_bez_barier_03\/\" class=\"wp-image-12999\" srcset=\"https:\/\/regiontatry.sk\/wp-content\/uploads\/2018\/10\/tatry_bez_barier_03.jpg 700w, https:\/\/regiontatry.sk\/wp-content\/uploads\/2018\/10\/tatry_bez_barier_03-300x225.jpg 300w, https:\/\/regiontatry.sk\/wp-content\/uploads\/2018\/10\/tatry_bez_barier_03-698x524.jpg 698w, https:\/\/regiontatry.sk\/wp-content\/uploads\/2018\/10\/tatry_bez_barier_03-552x414.jpg 552w\" sizes=\"(max-width: 700px) 100vw, 700px\" \/><\/figure><\/li><li class=\"blocks-gallery-item\"><figure><img loading=\"lazy\" decoding=\"async\" width=\"1000\" height=\"667\" src=\"https:\/\/regiontatry.sk\/wp-content\/uploads\/2018\/10\/tatry_bez_barier_04.jpg\" alt=\"\" data-id=\"13001\" data-link=\"https:\/\/regiontatry.sk\/hiking\/tatry-bez-barier\/tatry_bez_barier_04\/\" class=\"wp-image-13001\" srcset=\"https:\/\/regiontatry.sk\/wp-content\/uploads\/2018\/10\/tatry_bez_barier_04.jpg 1000w, https:\/\/regiontatry.sk\/wp-content\/uploads\/2018\/10\/tatry_bez_barier_04-300x200.jpg 300w, https:\/\/regiontatry.sk\/wp-content\/uploads\/2018\/10\/tatry_bez_barier_04-768x512.jpg 768w, https:\/\/regiontatry.sk\/wp-content\/uploads\/2018\/10\/tatry_bez_barier_04-698x466.jpg 698w, https:\/\/regiontatry.sk\/wp-content\/uploads\/2018\/10\/tatry_bez_barier_04-552x368.jpg 552w\" sizes=\"(max-width: 1000px) 100vw, 1000px\" \/><\/figure><\/li><\/ul>\n\n\n\n<p><br><strong>Waldwiese Tich\u00e1 dolina (Tal) in Oravice<\/strong><br>Oravice \u2013 Forsthaus in Tich\u00e1 dolina \u2013 Asphalt \u2013 3,4 km<\/p>\n\n\n\n<p><strong>Waldwiese Bobroveck\u00e1 dolina (Tal)<\/strong><br>Oravice \u2013 pod Gr\u00fanikom \u2013 Asphalt \u2013 3,2 km<\/p>\n\n\n\n<p><strong>Waldwiese Roh\u00e1\u010dska dolina (Tal)<\/strong><br>Zverovka \u2013 ehemalige \u0164atliak\u00b4s H\u00fctte \u2013 Asphalt \u2013 3,1 km<\/p>\n\n\n\n<p><strong>Weg nach Popradsk\u00e9 pleso<\/strong><br>Haltestelle Popradsk\u00e9 Pleso \u2013 Popradsk\u00e9 pleso (Bergsee) \u2013 Asphalt \u2013 4,5 km<\/p>\n\n\n\n<p><strong>Weg zur Rainers H\u00fctte<\/strong> <br>Star\u00fd Smokovec \u2013 Hrebienok \u2013 Rainers H\u00fctte \u2013 verdichteter Schotter \u2013 4,2 km<\/p>\n\n\n\n<p><strong>Weg zum Forsthaus Podmur\u00e1\u0148<br><\/strong>Tatransk\u00e1 Javorina \u2013 Forsthaus Podmur\u00e1\u0148 \u2013 verdichteter Schotter<br> \u2013 1,9 km<\/p>\n\n\n\n<p><strong>Weg zum Forsthaus in Bielovodsk\u00e1 dolina (Tal)<\/strong><br>Lys\u00e1 Po\u013eana \u2013 Forsthaus in Bielovodsk\u00e1 dolina \u2013 verdichteter Schotter<br> \u2013 4 km<\/p>\n\n\n\n<p><strong>Schlucht von Dunajec (PIENAP)<\/strong><br>\u010cerven\u00fd kl\u00e1\u0161tor \u2013 Lesnica \u2013 verdichteter Schotter \u2013 8 km<\/p>\n","protected":false},"excerpt":{"rendered":"<p>Ausgew\u00e4hlte Pfade der Tatra sind dank dem Projekt \u201eDie Tatra ohne Barrieren\u201c auch f\u00fcr Familien mit Kinderw\u00e4gen und Leute mit beschr\u00e4nkter Mobilit\u00e4t zug\u00e4nglich. W\u00e4hrend des ganzen Jahres k\u00f6nnen sie aus acht touristischen Strecken mit der Gesamtl\u00e4nge von mehr als 30km w\u00e4hlen und so zusammen mit anderen Touristen die Geheimnisse und Sch\u00f6nheiten der Tatra-Natur entdecken. Waldwiese [&hellip;]<\/p>\n","protected":false},"author":2,"featured_media":0,"parent":21701,"menu_order":0,"comment_status":"closed","ping_status":"closed","template":"template-simple-page.php","meta":{"footnotes":""},"class_list":["post-21470","page","type-page","status-publish","hentry"],"_links":{"self":[{"href":"https:\/\/regiontatry.sk\/de\/wp-json\/wp\/v2\/pages\/21470"}],"collection":[{"href":"https:\/\/regiontatry.sk\/de\/wp-json\/wp\/v2\/pages"}],"about":[{"href":"https:\/\/regiontatry.sk\/de\/wp-json\/wp\/v2\/types\/page"}],"author":[{"embeddable":true,"href":"https:\/\/regiontatry.sk\/de\/wp-json\/wp\/v2\/users\/2"}],"replies":[{"embeddable":true,"href":"https:\/\/regiontatry.sk\/de\/wp-json\/wp\/v2\/comments?post=21470"}],"version-history":[{"count":2,"href":"https:\/\/regiontatry.sk\/de\/wp-json\/wp\/v2\/pages\/21470\/revisions"}],"predecessor-version":[{"id":5235730,"href":"https:\/\/regiontatry.sk\/de\/wp-json\/wp\/v2\/pages\/21470\/revisions\/5235730"}],"up":[{"embeddable":true,"href":"https:\/\/regiontatry.sk\/de\/wp-json\/wp\/v2\/pages\/21701"}],"wp:attachment":[{"href":"https:\/\/regiontatry.sk\/de\/wp-json\/wp\/v2\/media?parent=21470"}],"curies":[{"name":"wp","href":"https:\/\/api.w.org\/{rel}","templated":true}]}}

<p>Ausgewählte Pfade der Tatra sind dank dem Projekt „Die Tatra ohne Barrieren“ auch <strong>für Familien mit Kinderwägen und Leute mit beschränkter Mobilität</strong> zugänglich. Während des ganzen Jahres können sie aus acht touristischen Strecken mit der Gesamtlänge von mehr als 30km wählen und so zusammen mit anderen Touristen die Geheimnisse und Schönheiten der Tatra-Natur entdecken. </p>



<ul class="wp-block-gallery columns-2 is-cropped"><li class="blocks-gallery-item"><figure><img loading="lazy" decoding="async" width="700" height="525" src="https://regiontatry.sk/wp-content/uploads/2018/10/tatry_bez_barier_03.jpg" alt="" data-id="12999" data-link="https://regiontatry.sk/hiking/tatry-bez-barier/tatry_bez_barier_03/" class="wp-image-12999" srcset="https://regiontatry.sk/wp-content/uploads/2018/10/tatry_bez_barier_03.jpg 700w, https://regiontatry.sk/wp-content/uploads/2018/10/tatry_bez_barier_03-300x225.jpg 300w, https://regiontatry.sk/wp-content/uploads/2018/10/tatry_bez_barier_03-698x524.jpg 698w, https://regiontatry.sk/wp-content/uploads/2018/10/tatry_bez_barier_03-552x414.jpg 552w" sizes="(max-width: 700px) 100vw, 700px" /></figure></li><li class="blocks-gallery-item"><figure><img loading="lazy" decoding="async" width="1000" height="667" src="https://regiontatry.sk/wp-content/uploads/2018/10/tatry_bez_barier_04.jpg" alt="" data-id="13001" data-link="https://regiontatry.sk/hiking/tatry-bez-barier/tatry_bez_barier_04/" class="wp-image-13001" srcset="https://regiontatry.sk/wp-content/uploads/2018/10/tatry_bez_barier_04.jpg 1000w, https://regiontatry.sk/wp-content/uploads/2018/10/tatry_bez_barier_04-300x200.jpg 300w, https://regiontatry.sk/wp-content/uploads/2018/10/tatry_bez_barier_04-768x512.jpg 768w, https://regiontatry.sk/wp-content/uploads/2018/10/tatry_bez_barier_04-698x466.jpg 698w, https://regiontatry.sk/wp-content/uploads/2018/10/tatry_bez_barier_04-552x368.jpg 552w" sizes="(max-width: 1000px) 100vw, 1000px" /></figure></li></ul>



<p><br><strong>Waldwiese Tichá dolina (Tal) in Oravice</strong><br>Oravice – Forsthaus in Tichá dolina – Asphalt – 3,4 km</p>



<p><strong>Waldwiese Bobrovecká dolina (Tal)</strong><br>Oravice – pod Grúnikom – Asphalt – 3,2 km</p>



<p><strong>Waldwiese Roháčska dolina (Tal)</strong><br>Zverovka – ehemalige Ťatliak´s Hütte – Asphalt – 3,1 km</p>



<p><strong>Weg nach Popradské pleso</strong><br>Haltestelle Popradské Pleso – Popradské pleso (Bergsee) – Asphalt – 4,5 km</p>



<p><strong>Weg zur Rainers Hütte</strong> <br>Starý Smokovec – Hrebienok – Rainers Hütte – verdichteter Schotter – 4,2 km</p>



<p><strong>Weg zum Forsthaus Podmuráň<br></strong>Tatranská Javorina – Forsthaus Podmuráň – verdichteter Schotter<br> – 1,9 km</p>



<p><strong>Weg zum Forsthaus in Bielovodská dolina (Tal)</strong><br>Lysá Poľana – Forsthaus in Bielovodská dolina – verdichteter Schotter<br> – 4 km</p>



<p><strong>Schlucht von Dunajec (PIENAP)</strong><br>Červený kláštor – Lesnica – verdichteter Schotter – 8 km</p>

<p>Ausgewählte Pfade der Tatra sind dank dem Projekt „Die Tatra ohne Barrieren“ auch für Familien mit Kinderwägen und Leute mit beschränkter Mobilität zugänglich. Während des ganzen Jahres können sie aus acht touristischen Strecken mit der Gesamtlänge von mehr als 30km wählen und so zusammen mit anderen Touristen die Geheimnisse und Schönheiten der Tatra-Natur entdecken. Waldwiese [&hellip;]</p>
