{"id":16288,"date":"2019-03-11T09:32:23","date_gmt":"2019-03-11T08:32:23","guid":{"rendered":"https:\/\/regiontatry.sk\/event\/filmovy-festival-jeden-svet\/"},"modified":"2019-03-11T09:32:23","modified_gmt":"2019-03-11T08:32:23","slug":"filmovy-festival-jeden-svet","status":"publish","type":"event","link":"https:\/\/regiontatry.sk\/en\/event\/filmovy-festival-jeden-svet\/","title":{"rendered":"Filmov\u00fd festival JEDEN SVET"},"content":{"rendered":"\n<p><strong>Medzin\u00e1rodn\u00fd festival dokument\u00e1rnych filmov<\/strong><br><br><\/p>\n\n\n\n<h3 class=\"wp-block-heading\"><strong>PROGRAM:<\/strong><\/h3>\n\n\n\n<p><strong>12.3.2019\/ utorok<\/strong><\/p>\n\n\n\n<ul class=\"wp-block-list\"><li><strong><a href=\"https:\/\/www.visitpoprad.sk\/udalost\/zlodeji-casu\/\" target=\"_blank\" rel=\"noreferrer noopener\">Zlodeji \u010dasu<\/a><\/strong>&nbsp;\/FR\/ 84 min.,<\/li><li><strong><a href=\"https:\/\/www.visitpoprad.sk\/udalost\/bojovnicka-s-nenavistou\/\" target=\"_blank\" rel=\"noreferrer noopener\">Bojovn\u00ed\u010dka s nen\u00e1vis\u0165ou<\/a><\/strong>&nbsp;\/IT\/ 52 min.,&nbsp;<\/li><li><strong><a href=\"https:\/\/www.visitpoprad.sk\/udalost\/europsky-sen-srbsko\/\" target=\"_blank\" rel=\"noreferrer noopener\">Eur\u00f3psky sen<\/a><\/strong>&nbsp;\/SP\/ 19 min..<\/li><\/ul>\n\n\n\n<p><strong>13.3.2019\/ streda<\/strong><\/p>\n\n\n\n<ul class=\"wp-block-list\"><li><strong><a href=\"https:\/\/www.visitpoprad.sk\/udalost\/cudzinec-v-raji\/\" target=\"_blank\" rel=\"noreferrer noopener\">Cudzinec v raji<\/a><\/strong>&nbsp;\/NL\/ 73 min.,<\/li><li><strong><a href=\"https:\/\/www.visitpoprad.sk\/udalost\/bez-identity\/\" target=\"_blank\" rel=\"noreferrer noopener\">Bez identity<\/a><\/strong>&nbsp;\/USA\/ 96 min..<\/li><\/ul>\n\n\n\n<p><strong>14.3.2019\/ \u0161tvrtok<\/strong><\/p>\n\n\n\n<ul class=\"wp-block-list\"><li><strong><a href=\"https:\/\/www.visitpoprad.sk\/udalost\/cistici\/\" target=\"_blank\" rel=\"noreferrer noopener\">\u010cisti\u010di<\/a><\/strong>&nbsp;\/DE\/ 88 min.,<\/li><li><strong><a href=\"https:\/\/www.visitpoprad.sk\/udalost\/dostojne-zomriet\/\" target=\"_blank\" rel=\"noreferrer noopener\">D\u00f4stojne zomrie\u0165<\/a><\/strong>&nbsp;\/NL\/ 52 min..<\/li><\/ul>\n\n\n\n<p><strong>15.3.2019\/ piatok<\/strong><\/p>\n\n\n\n<ul class=\"wp-block-list\"><li><strong><a href=\"https:\/\/www.visitpoprad.sk\/udalost\/silvana\/\" target=\"_blank\" rel=\"noreferrer noopener\">Silvana<\/a><\/strong>&nbsp;\/\u0160v\u00e9dsko\/ 90 min.,<\/li><li><strong><a href=\"https:\/\/www.visitpoprad.sk\/udalost\/nic-sa-neodpusta\/\" target=\"_blank\" rel=\"noreferrer noopener\">Ni\u010d sa neodp\u00fa\u0161\u0165a<\/a><\/strong>&nbsp;\/BE\/ 62 min..<\/li><\/ul>\n\n\n\n<p><br><strong>FB:\u00a0<a rel=\"noreferrer noopener\" href=\"https:\/\/www.facebook.com\/FestivalJedenSvet\/\" target=\"_blank\">FestivalJedenSvet<\/a><\/strong><\/p>\n\n\n\n<figure class=\"wp-block-image\"><img loading=\"lazy\" decoding=\"async\" width=\"723\" height=\"1024\" src=\"https:\/\/regiontatry.sk\/wp-content\/uploads\/2019\/03\/Filmovy\u0301-festival-Jeden-Svet-723x1024.jpg\" alt=\"\" class=\"wp-image-16263\" srcset=\"https:\/\/regiontatry.sk\/wp-content\/uploads\/2019\/03\/Filmovy\u0301-festival-Jeden-Svet-723x1024.jpg 723w, https:\/\/regiontatry.sk\/wp-content\/uploads\/2019\/03\/Filmovy\u0301-festival-Jeden-Svet-212x300.jpg 212w, https:\/\/regiontatry.sk\/wp-content\/uploads\/2019\/03\/Filmovy\u0301-festival-Jeden-Svet-768x1087.jpg 768w, https:\/\/regiontatry.sk\/wp-content\/uploads\/2019\/03\/Filmovy\u0301-festival-Jeden-Svet-698x988.jpg 698w, https:\/\/regiontatry.sk\/wp-content\/uploads\/2019\/03\/Filmovy\u0301-festival-Jeden-Svet-552x781.jpg 552w, https:\/\/regiontatry.sk\/wp-content\/uploads\/2019\/03\/Filmovy\u0301-festival-Jeden-Svet.jpg 1684w\" sizes=\"(max-width: 723px) 100vw, 723px\" \/><\/figure>\n","protected":false},"excerpt":{"rendered":"<p>Medzin\u00e1rodn\u00fd festival dokument\u00e1rnych filmov PROGRAM: 12.3.2019\/ utorok Zlodeji \u010dasu&nbsp;\/FR\/ 84 min., Bojovn\u00ed\u010dka s nen\u00e1vis\u0165ou&nbsp;\/IT\/ 52 min.,&nbsp; Eur\u00f3psky sen&nbsp;\/SP\/ 19 min.. 13.3.2019\/ streda Cudzinec v raji&nbsp;\/NL\/ 73 min., Bez identity&nbsp;\/USA\/ 96 min.. 14.3.2019\/ \u0161tvrtok \u010cisti\u010di&nbsp;\/DE\/ 88 min., D\u00f4stojne zomrie\u0165&nbsp;\/NL\/ 52 min.. 15.3.2019\/ piatok Silvana&nbsp;\/\u0160v\u00e9dsko\/ 90 min., Ni\u010d sa neodp\u00fa\u0161\u0165a&nbsp;\/BE\/ 62 min.. FB:\u00a0FestivalJedenSvet<\/p>\n","protected":false},"featured_media":16264,"template":"","categories":[],"class_list":["post-16288","event","type-event","status-publish","has-post-thumbnail","hentry"],"more_info":{"galeria":false,"datum_od_do_enabled":true,"datum_od":"12.03.","datum_do":"15.03.2019","viac_datumov":false,"datumy":null,"cas_od":"","cas_do":"","miesto_konania":"","cena_enabled":true,"ceny":[{"text":"2 \u20ac \/ blok","cena":""}],"telefon":"052\/ 772 22 55, 052\/ 436 11 92","email":"","web_listkov":"","web_podujatia":"http:\/\/www.jedensvet.sk\/"},"_links":{"self":[{"href":"https:\/\/regiontatry.sk\/en\/wp-json\/wp\/v2\/events\/16288"}],"collection":[{"href":"https:\/\/regiontatry.sk\/en\/wp-json\/wp\/v2\/events"}],"about":[{"href":"https:\/\/regiontatry.sk\/en\/wp-json\/wp\/v2\/types\/event"}],"version-history":[{"count":0,"href":"https:\/\/regiontatry.sk\/en\/wp-json\/wp\/v2\/events\/16288\/revisions"}],"wp:featuredmedia":[{"embeddable":true,"href":"https:\/\/regiontatry.sk\/en\/wp-json\/wp\/v2\/media\/16264"}],"wp:attachment":[{"href":"https:\/\/regiontatry.sk\/en\/wp-json\/wp\/v2\/media?parent=16288"}],"wp:term":[{"taxonomy":"category","embeddable":true,"href":"https:\/\/regiontatry.sk\/en\/wp-json\/wp\/v2\/categories?post=16288"}],"curies":[{"name":"wp","href":"https:\/\/api.w.org\/{rel}","templated":true}]}}

Filmový festival JEDEN SVET

<p><strong>Medzinárodný festival dokumentárnych filmov</strong><br><br></p>



<h3 class="wp-block-heading"><strong>PROGRAM:</strong></h3>



<p><strong>12.3.2019/ utorok</strong></p>



<ul class="wp-block-list"><li><strong><a href="https://www.visitpoprad.sk/udalost/zlodeji-casu/" target="_blank" rel="noreferrer noopener">Zlodeji času</a></strong>&nbsp;/FR/ 84 min.,</li><li><strong><a href="https://www.visitpoprad.sk/udalost/bojovnicka-s-nenavistou/" target="_blank" rel="noreferrer noopener">Bojovníčka s nenávisťou</a></strong>&nbsp;/IT/ 52 min.,&nbsp;</li><li><strong><a href="https://www.visitpoprad.sk/udalost/europsky-sen-srbsko/" target="_blank" rel="noreferrer noopener">Európsky sen</a></strong>&nbsp;/SP/ 19 min..</li></ul>



<p><strong>13.3.2019/ streda</strong></p>



<ul class="wp-block-list"><li><strong><a href="https://www.visitpoprad.sk/udalost/cudzinec-v-raji/" target="_blank" rel="noreferrer noopener">Cudzinec v raji</a></strong>&nbsp;/NL/ 73 min.,</li><li><strong><a href="https://www.visitpoprad.sk/udalost/bez-identity/" target="_blank" rel="noreferrer noopener">Bez identity</a></strong>&nbsp;/USA/ 96 min..</li></ul>



<p><strong>14.3.2019/ štvrtok</strong></p>



<ul class="wp-block-list"><li><strong><a href="https://www.visitpoprad.sk/udalost/cistici/" target="_blank" rel="noreferrer noopener">Čističi</a></strong>&nbsp;/DE/ 88 min.,</li><li><strong><a href="https://www.visitpoprad.sk/udalost/dostojne-zomriet/" target="_blank" rel="noreferrer noopener">Dôstojne zomrieť</a></strong>&nbsp;/NL/ 52 min..</li></ul>



<p><strong>15.3.2019/ piatok</strong></p>



<ul class="wp-block-list"><li><strong><a href="https://www.visitpoprad.sk/udalost/silvana/" target="_blank" rel="noreferrer noopener">Silvana</a></strong>&nbsp;/Švédsko/ 90 min.,</li><li><strong><a href="https://www.visitpoprad.sk/udalost/nic-sa-neodpusta/" target="_blank" rel="noreferrer noopener">Nič sa neodpúšťa</a></strong>&nbsp;/BE/ 62 min..</li></ul>



<p><br><strong>FB: <a rel="noreferrer noopener" href="https://www.facebook.com/FestivalJedenSvet/" target="_blank">FestivalJedenSvet</a></strong></p>



<figure class="wp-block-image"><img loading="lazy" decoding="async" width="723" height="1024" src="https://regiontatry.sk/wp-content/uploads/2019/03/Filmový-festival-Jeden-Svet-723x1024.jpg" alt="" class="wp-image-16263" srcset="https://regiontatry.sk/wp-content/uploads/2019/03/Filmový-festival-Jeden-Svet-723x1024.jpg 723w, https://regiontatry.sk/wp-content/uploads/2019/03/Filmový-festival-Jeden-Svet-212x300.jpg 212w, https://regiontatry.sk/wp-content/uploads/2019/03/Filmový-festival-Jeden-Svet-768x1087.jpg 768w, https://regiontatry.sk/wp-content/uploads/2019/03/Filmový-festival-Jeden-Svet-698x988.jpg 698w, https://regiontatry.sk/wp-content/uploads/2019/03/Filmový-festival-Jeden-Svet-552x781.jpg 552w, https://regiontatry.sk/wp-content/uploads/2019/03/Filmový-festival-Jeden-Svet.jpg 1684w" sizes="(max-width: 723px) 100vw, 723px" /></figure>

<p>Medzinárodný festival dokumentárnych filmov PROGRAM: 12.3.2019/ utorok Zlodeji času&nbsp;/FR/ 84 min., Bojovníčka s nenávisťou&nbsp;/IT/ 52 min.,&nbsp; Európsky sen&nbsp;/SP/ 19 min.. 13.3.2019/ streda Cudzinec v raji&nbsp;/NL/ 73 min., Bez identity&nbsp;/USA/ 96 min.. 14.3.2019/ štvrtok Čističi&nbsp;/DE/ 88 min., Dôstojne zomrieť&nbsp;/NL/ 52 min.. 15.3.2019/ piatok Silvana&nbsp;/Švédsko/ 90 min., Nič sa neodpúšťa&nbsp;/BE/ 62 min.. FB: FestivalJedenSvet</p>
