{"id":16778,"date":"2019-04-11T10:27:53","date_gmt":"2019-04-11T08:27:53","guid":{"rendered":"https:\/\/regiontatry.sk\/event\/rallye-tatry\/"},"modified":"2019-04-11T10:27:53","modified_gmt":"2019-04-11T08:27:53","slug":"rallye-tatry","status":"publish","type":"event","link":"https:\/\/regiontatry.sk\/en\/event\/rallye-tatry\/","title":{"rendered":"Rallye Tatry"},"content":{"rendered":"\n<p><strong>Legend\u00e1rna Rallye Tatry sa u\u017e bl\u00ed\u017ei&nbsp;<\/strong><\/p>\n\n\n\n<p>Rallye Tatry 2019 sa p\u00f4jde v novom modeli sobota \u2013 nede\u013ea. No u\u017e v piatok&nbsp;<strong>3. m\u00e1ja<\/strong>&nbsp;prebehne administrat\u00edvne a technick\u00e9 preberanie, popoludn\u00ed ob\u013e\u00faben\u00e1&nbsp;<strong>autogrami\u00e1da<\/strong>&nbsp;popredn\u00fdch pos\u00e1dok vo&nbsp;<strong>Forume o 15:30<\/strong>&nbsp;a potom od 17. hodiny sl\u00e1vnostn\u00fd \u0161tart na N\u00e1mest\u00ed sv. Eg\u00eddia v Poprade. V piatkov\u00fd ve\u010der pos\u00e1dky e\u0161te absolvuj\u00fa obhliadku trate mestsk\u00e9ho okruhu v uliciach Popradu. V sobotu 4. m\u00e1ja \u010dak\u00e1 rely ostr\u00fd \u0161tart o 13. hodine. Napl\u00e1novan\u00fdch je sedem zn\u00e1mych r\u00fdchlostn\u00fdch sk\u00fa\u0161ok v okol\u00ed Popradu a \u0160u\u0148avy. Na sobot\u0148aj\u0161iu noc je pripraven\u00fd aj div\u00e1cky atrakt\u00edvny no\u010dn\u00fd mestsk\u00fd ohruh, ktor\u00fd \u0161tartuje o 22. hodine. V nede\u013eu 5. m\u00e1ja sa \u0161tartuje o 9. hodine a v itiner\u00e1ri n\u00e1jdeme \u0161es\u0165 r\u00fdchlostn\u00fdch sk\u00fa\u0161ok na \u00faplne nov\u00fdch \u00fasekoch v novej oblasti. Prv\u00e1 pos\u00e1dka sa objav\u00ed na cie\u013eovej rampe umiestnenej pred Forumom o 16.30 h. Tra\u0165 meria celkom 521 km a obsahuje 12 r\u00fdchlostn\u00fdch sk\u00fa\u0161ok v celkovej d\u013a\u017eke 143 km.<\/p>\n\n\n\n<p><strong>Viac inform\u00e1cii n\u00e1jdete na ofici\u00e1lnej webovej str\u00e1nke podujatia\u00a0<a href=\"http:\/\/www.rallyetatry.sk\/\" target=\"_blank\" rel=\"noreferrer noopener\" aria-label=\"www.rallyetatry.sk (otvor\u00ed sa v novej karte)\">www.rallyetatry.sk<\/a><\/strong><\/p>\n\n\n\n<p>Te\u0161\u00edme sa na v\u00e1s vo Forume<\/p>\n\n\n\n<figure class=\"wp-block-image\"><img loading=\"lazy\" decoding=\"async\" width=\"1024\" height=\"406\" src=\"https:\/\/regiontatry.sk\/wp-content\/uploads\/2019\/04\/Rallye_Tatry_Forum_WEB_1308x518_sirka-1024x406.jpg\" alt=\"\" class=\"wp-image-16676\" srcset=\"https:\/\/regiontatry.sk\/wp-content\/uploads\/2019\/04\/Rallye_Tatry_Forum_WEB_1308x518_sirka-1024x406.jpg 1024w, https:\/\/regiontatry.sk\/wp-content\/uploads\/2019\/04\/Rallye_Tatry_Forum_WEB_1308x518_sirka-300x119.jpg 300w, https:\/\/regiontatry.sk\/wp-content\/uploads\/2019\/04\/Rallye_Tatry_Forum_WEB_1308x518_sirka-768x304.jpg 768w, https:\/\/regiontatry.sk\/wp-content\/uploads\/2019\/04\/Rallye_Tatry_Forum_WEB_1308x518_sirka-698x276.jpg 698w, https:\/\/regiontatry.sk\/wp-content\/uploads\/2019\/04\/Rallye_Tatry_Forum_WEB_1308x518_sirka-552x219.jpg 552w, https:\/\/regiontatry.sk\/wp-content\/uploads\/2019\/04\/Rallye_Tatry_Forum_WEB_1308x518_sirka.jpg 1308w\" sizes=\"(max-width: 1024px) 100vw, 1024px\" \/><\/figure>\n","protected":false},"excerpt":{"rendered":"<p>Legend\u00e1rna Rallye Tatry sa u\u017e bl\u00ed\u017ei&nbsp; Rallye Tatry 2019 sa p\u00f4jde v novom modeli sobota \u2013 nede\u013ea. No u\u017e v piatok&nbsp;3. m\u00e1ja&nbsp;prebehne administrat\u00edvne a technick\u00e9 preberanie, popoludn\u00ed ob\u013e\u00faben\u00e1&nbsp;autogrami\u00e1da&nbsp;popredn\u00fdch pos\u00e1dok vo&nbsp;Forume o 15:30&nbsp;a potom od 17. hodiny sl\u00e1vnostn\u00fd \u0161tart na N\u00e1mest\u00ed sv. Eg\u00eddia v Poprade. V piatkov\u00fd ve\u010der pos\u00e1dky e\u0161te absolvuj\u00fa obhliadku trate mestsk\u00e9ho okruhu v [&hellip;]<\/p>\n","protected":false},"featured_media":16677,"template":"","categories":[],"class_list":["post-16778","event","type-event","status-publish","has-post-thumbnail","hentry"],"more_info":{"galeria":false,"datum_od_do_enabled":true,"datum_od":"03.05.","datum_do":"05.05.2019","viac_datumov":false,"datumy":null,"cas_od":"","cas_do":"","miesto_konania":"Poprad","cena_enabled":false,"ceny":null,"telefon":"","email":"","web_listkov":"","web_podujatia":""},"_links":{"self":[{"href":"https:\/\/regiontatry.sk\/en\/wp-json\/wp\/v2\/events\/16778"}],"collection":[{"href":"https:\/\/regiontatry.sk\/en\/wp-json\/wp\/v2\/events"}],"about":[{"href":"https:\/\/regiontatry.sk\/en\/wp-json\/wp\/v2\/types\/event"}],"version-history":[{"count":0,"href":"https:\/\/regiontatry.sk\/en\/wp-json\/wp\/v2\/events\/16778\/revisions"}],"wp:featuredmedia":[{"embeddable":true,"href":"https:\/\/regiontatry.sk\/en\/wp-json\/wp\/v2\/media\/16677"}],"wp:attachment":[{"href":"https:\/\/regiontatry.sk\/en\/wp-json\/wp\/v2\/media?parent=16778"}],"wp:term":[{"taxonomy":"category","embeddable":true,"href":"https:\/\/regiontatry.sk\/en\/wp-json\/wp\/v2\/categories?post=16778"}],"curies":[{"name":"wp","href":"https:\/\/api.w.org\/{rel}","templated":true}]}}

<p><strong>Legendárna Rallye Tatry sa už blíži&nbsp;</strong></p>



<p>Rallye Tatry 2019 sa pôjde v novom modeli sobota – nedeľa. No už v piatok&nbsp;<strong>3. mája</strong>&nbsp;prebehne administratívne a technické preberanie, popoludní obľúbená&nbsp;<strong>autogramiáda</strong>&nbsp;popredných posádok vo&nbsp;<strong>Forume o 15:30</strong>&nbsp;a potom od 17. hodiny slávnostný štart na Námestí sv. Egídia v Poprade. V piatkový večer posádky ešte absolvujú obhliadku trate mestského okruhu v uliciach Popradu. V sobotu 4. mája čaká rely ostrý štart o 13. hodine. Naplánovaných je sedem známych rýchlostných skúšok v okolí Popradu a Šuňavy. Na sobotňajšiu noc je pripravený aj divácky atraktívny nočný mestský ohruh, ktorý štartuje o 22. hodine. V nedeľu 5. mája sa štartuje o 9. hodine a v itinerári nájdeme šesť rýchlostných skúšok na úplne nových úsekoch v novej oblasti. Prvá posádka sa objaví na cieľovej rampe umiestnenej pred Forumom o 16.30 h. Trať meria celkom 521 km a obsahuje 12 rýchlostných skúšok v celkovej dĺžke 143 km.</p>



<p><strong>Viac informácii nájdete na oficiálnej webovej stránke podujatia <a href="http://www.rallyetatry.sk/" target="_blank" rel="noreferrer noopener" aria-label="www.rallyetatry.sk (otvorí sa v novej karte)">www.rallyetatry.sk</a></strong></p>



<p>Tešíme sa na vás vo Forume</p>



<figure class="wp-block-image"><img loading="lazy" decoding="async" width="1024" height="406" src="https://regiontatry.sk/wp-content/uploads/2019/04/Rallye_Tatry_Forum_WEB_1308x518_sirka-1024x406.jpg" alt="" class="wp-image-16676" srcset="https://regiontatry.sk/wp-content/uploads/2019/04/Rallye_Tatry_Forum_WEB_1308x518_sirka-1024x406.jpg 1024w, https://regiontatry.sk/wp-content/uploads/2019/04/Rallye_Tatry_Forum_WEB_1308x518_sirka-300x119.jpg 300w, https://regiontatry.sk/wp-content/uploads/2019/04/Rallye_Tatry_Forum_WEB_1308x518_sirka-768x304.jpg 768w, https://regiontatry.sk/wp-content/uploads/2019/04/Rallye_Tatry_Forum_WEB_1308x518_sirka-698x276.jpg 698w, https://regiontatry.sk/wp-content/uploads/2019/04/Rallye_Tatry_Forum_WEB_1308x518_sirka-552x219.jpg 552w, https://regiontatry.sk/wp-content/uploads/2019/04/Rallye_Tatry_Forum_WEB_1308x518_sirka.jpg 1308w" sizes="(max-width: 1024px) 100vw, 1024px" /></figure>

<p>Legendárna Rallye Tatry sa už blíži&nbsp; Rallye Tatry 2019 sa pôjde v novom modeli sobota – nedeľa. No už v piatok&nbsp;3. mája&nbsp;prebehne administratívne a technické preberanie, popoludní obľúbená&nbsp;autogramiáda&nbsp;popredných posádok vo&nbsp;Forume o 15:30&nbsp;a potom od 17. hodiny slávnostný štart na Námestí sv. Egídia v Poprade. V piatkový večer posádky ešte absolvujú obhliadku trate mestského okruhu v [&hellip;]</p>
