{"id":17423,"date":"2019-04-29T21:02:21","date_gmt":"2019-04-29T19:02:21","guid":{"rendered":"https:\/\/regiontatry.sk\/event\/tatranska-majovka-2019\/"},"modified":"2019-04-29T21:10:51","modified_gmt":"2019-04-29T19:10:51","slug":"tatranska-majovka-2019","status":"publish","type":"event","link":"https:\/\/regiontatry.sk\/en\/event\/tatranska-majovka-2019\/","title":{"rendered":"Tatransk\u00e1 M\u00e1jovka 2019"},"content":{"rendered":"\n<p>Poz\u00fdvame V\u00e1s na prav\u00fa&nbsp;<strong><em>Tatransk\u00fa M\u00e1jovku,&nbsp;<\/em><\/strong>ktor\u00e1 sa bude kona\u0165 po\u010das prv\u00e9ho m\u00e1jov\u00e9ho v\u00edkendu. Pr\u00ed\u010fte sa zabavi\u0165, za\u0161portova\u0165 si a za\u017ei\u0165 tie najkraj\u0161ie v\u00fdh\u013eady! Po\u010das t\u00fdchto dn\u00ed sme pre V\u00e1s pripravili bohat\u00fd sprievodn\u00fd program, po\u010das ktor\u00e9ho sa ur\u010dite nebudete nudi\u0165!&nbsp;<br><br><\/p>\n\n\n\n<hr class=\"wp-block-separator\"\/>\n\n\n\n<div class=\"wp-block-image\"><figure class=\"alignleft\"><img decoding=\"async\" src=\"https:\/\/www.vt.sk\/fileadmin\/_processed_\/csm_c_Marek_Hajkovsky_foto_HUMNO_terasa_2018_17_71e5517f1c.jpg\" alt=\"\"\/><\/figure><\/div>\n\n\n\n<h4 class=\"wp-block-heading\">Tatransk\u00e1 Lomnica &#8211; Humno Tatry<\/h4>\n\n\n\n<p>Po\u010das Tatranskej M\u00e1jovky je pre v\u00e1s pripraven\u00fd bohat\u00fd dvojd\u0148ov\u00fd program aj v Tatranskej Lomnici v\u00a0<a href=\"https:\/\/www.humnotatry.sk\/\">Humno Tatry<\/a>. Prv\u00fd m\u00e1jov\u00fd v\u00edkend v\u00e1s poz\u00fdvame vychutna\u0165 si Kulin\u00e1rsky z\u00e1\u017eitok s\u00a0nov\u00fdm jarn\u00fdm menu\u00a0a to priamo pod Lomnick\u00fdm \u0160t\u00edtom. Po\u010das v\u00edkendu bude pre v\u00e1s v Humne hra\u0165 \u017eiv\u00e1 hudba od 14:00 do 20:00. V piatok a sobotu sa pripravte na tie najlep\u0161ie\u00a0disko p\u00e1rty\u00a0v Tatr\u00e1ch.\u00a0<\/p>\n\n\n\n<hr class=\"wp-block-separator\"\/>\n\n\n\n<div class=\"wp-block-image\"><figure class=\"alignright\"><a href=\"https:\/\/www.vt.sk\/fileadmin\/user_upload\/c_Marek_Hajkovsky_foto_SKALNATE_PLESO_2018_48.jpg\" data-rel=\"lightbox-image-0\" data-rl_title=\"\" data-rl_caption=\"\" title=\"\"><img decoding=\"async\" src=\"https:\/\/www.vt.sk\/fileadmin\/_processed_\/csm_c_Marek_Hajkovsky_foto_SKALNATE_PLESO_2018_48_ec33d23cf6.jpg\" alt=\"\"\/><\/a><\/figure><\/div>\n\n\n\n<h4 class=\"wp-block-heading\">Skalnat\u00e9 pleso&nbsp;<\/h4>\n\n\n\n<p>Nechajte sa vyvies\u0165 lanovkami na miesto, ktor\u00e9 pon\u00fakaj\u00fa tie najkraj\u0161ie v\u00fdh\u013eady. Na Skalnatom Plese bude na v\u00e1s \u010daka\u0165 skvel\u00e1 z\u00e1bava v podobne<strong>\u00a0anima\u010dn\u00fdch programov<\/strong>\u00a0v eko-mini-parku &#8211; Svi\u0161tia krajinka, kde bude pre v\u00e1s a va\u0161e ratolesti pripraven\u00e1\u00a0<strong>kamz\u00ed\u010dia olympi\u00e1da<\/strong>. V novej a modernej re\u0161taur\u00e1ci\u00ed Panorama v\u00e1s \u010dakaj\u00fa slovensk\u00e9, ale aj zahrani\u010dn\u00e9 \u0161peciality od na\u0161ich \u0161\u00e9fkuch\u00e1rov. V r\u00e1mci z\u00e1bavy sa budete m\u00f4c\u0165 previes\u0165 na\u00a0<strong><a href=\"https:\/\/www.vt.sk\/hory\/letne-atrakcie\/kary-a-kolobezky\/\">horsk\u00fdch k\u00e1rach\u00a0<\/a><\/strong>MOUNTAINCARTS z medzistanice \u0160tart a\u017e do Tatranskej Lomnice po 3km dlhej trati.\u00a0<\/p>\n\n\n\n<hr class=\"wp-block-separator\"\/>\n\n\n\n<div class=\"wp-block-image\"><figure class=\"alignleft\"><a href=\"https:\/\/www.vt.sk\/fileadmin\/user_upload\/efewf.jpg\" data-rel=\"lightbox-image-1\" data-rl_title=\"\" data-rl_caption=\"\" title=\"\"><img decoding=\"async\" src=\"https:\/\/www.vt.sk\/fileadmin\/_processed_\/csm_efewf_b5d44d3fe0.jpg\" alt=\"\"\/><\/a><\/figure><\/div>\n\n\n\n<h4 class=\"wp-block-heading\">Star\u00fd Smokovec<\/h4>\n\n\n\n<p>V Starom Smokovci bud\u00fa na v\u00e1s \u010daka\u0165 horsk\u00e9 chaty a kr\u00e1sne vodop\u00e1dy ku ktor\u00fdm ved\u00fa n\u00e1dhern\u00e9, jarn\u00e9 prech\u00e1dzky. Na Hrebienok v\u00e1s pohodlne vyvezie pozemn\u00e1 lanovka za n\u00e1dhern\u00fdmi v\u00fdh\u013eadmi a oddychom v pr\u00edjemnej z\u00f3ne. V Starom Smokovci si budete m\u00f4c\u0165 vychutna\u0165 letn\u00e9 drinky v podobe &#8220;ritu\u00e1lu s hru\u0161kou&#8221; v podnikovej predajni\u00a0&#8211; Rudolf Jel\u00ednek. Za\u017ei\u0165 budete m\u00f4c\u0165 nov\u00fa, interakt\u00edvnu gal\u00e9riu svetla &#8211;\u00a0<strong><a href=\"https:\/\/www.vt.sk\/zazitky\/eventy\/kvantarium\/\">Kvantarium<\/a>,\u00a0<\/strong>v ktorej sa m\u00f4\u017eete te\u0161i\u0165 na osem miestnost\u00ed, kde n\u00e1jdete r\u00f4znorod\u00e9 multimedi\u00e1lne show, interakt\u00edvne expon\u00e1ty, \u010di vysvetlenie fyzik\u00e1lnych javov.\u00a0<\/p>\n\n\n\n<hr class=\"wp-block-separator\"\/>\n\n\n\n<div class=\"wp-block-image\"><figure class=\"alignright\"><a href=\"https:\/\/www.vt.sk\/fileadmin\/_processed_\/csm_1080x1080_9b9066d56e.png\" data-rel=\"lightbox-image-2\" data-rl_title=\"\" data-rl_caption=\"\" title=\"\"><img decoding=\"async\" src=\"https:\/\/www.vt.sk\/fileadmin\/_processed_\/csm_1080x1080_96bc79d3dd.png\" alt=\"\"\/><\/a><\/figure><\/div>\n\n\n\n<h4 class=\"wp-block-heading\">Kvantarium \/ Hrebienok<\/h4>\n\n\n\n<p>Prehliadka pozost\u00e1va z \u00f4smich miestnost\u00ed kde n\u00e1jdete r\u00f4znorod\u00e9 multimedi\u00e1lne show, interakt\u00edvne expon\u00e1ty, vysvetlenia fyzik\u00e1lnych javov a to v\u0161etko v rozpr\u00e1vkovom duchu, ktor\u00fd zaujme na\u0161ich najmen\u0161\u00edch, ale aj dospel\u00fdch nato\u013eko, \u017ee nebud\u00fa chcie\u0165 \u00eds\u0165 domov. Prehliadka tejto interakt\u00edvnej gal\u00e9rie svetla bude pre v\u00e1s k\u00fazeln\u00e1, umeleck\u00e1, rozpr\u00e1vkov\u00e1, fyzik\u00e1lna, vedeck\u00e1 a vzdel\u00e1vacia. Jednoducho, na Hrebienku v\u00e1s \u010dak\u00e1 nezabudnute\u013en\u00e1 hra svetiel. Po\u010das podujatia Tatransk\u00e1 M\u00e1jovka bude pre v\u00e1s pripraven\u00e1&nbsp;<strong>30% uv\u00e1dzacia z\u013eava na vstup<\/strong>.&nbsp;<a href=\"https:\/\/www.vt.sk\/zazitky\/eventy\/kvantarium\/\">VIAC<\/a><\/p>\n\n\n\n<hr class=\"wp-block-separator\"\/>\n\n\n\n<div class=\"wp-block-image\"><figure class=\"alignleft\"><a href=\"https:\/\/www.vt.sk\/fileadmin\/_processed_\/csm_sedacka_solisko_f38883196f.jpg\" data-rel=\"lightbox-image-3\" data-rl_title=\"\" data-rl_caption=\"\" title=\"\"><img decoding=\"async\" src=\"https:\/\/www.vt.sk\/fileadmin\/_processed_\/csm_sedacka_solisko_283c1aa42d.jpg\" alt=\"\"\/><\/a><\/figure><\/div>\n\n\n\n<h4 class=\"wp-block-heading\">\u0160trbsk\u00e9 Pleso<\/h4>\n\n\n\n<p>Po\u010das tohto v\u00edkendu bude v stredisku \u0160trbsk\u00e9 Pleso pre v\u00e1s spusten\u00e1 lanovka na Solisko (1840 m.n.m.). Vyhliadkov\u00fd v\u00fdlet s lanovou na Solisko bude pre v\u00e1s nezabudnute\u013en\u00fdm z\u00e1\u017eitkom.<br><br><br><\/p>\n\n\n\n<figure class=\"wp-block-image\"><img loading=\"lazy\" decoding=\"async\" width=\"723\" height=\"1024\" src=\"https:\/\/regiontatry.sk\/wp-content\/uploads\/2019\/04\/majovka-k-723x1024.jpg\" alt=\"\" class=\"wp-image-17302\" srcset=\"https:\/\/regiontatry.sk\/wp-content\/uploads\/2019\/04\/majovka-k-723x1024.jpg 723w, https:\/\/regiontatry.sk\/wp-content\/uploads\/2019\/04\/majovka-k-212x300.jpg 212w, https:\/\/regiontatry.sk\/wp-content\/uploads\/2019\/04\/majovka-k-768x1087.jpg 768w, https:\/\/regiontatry.sk\/wp-content\/uploads\/2019\/04\/majovka-k-698x988.jpg 698w, https:\/\/regiontatry.sk\/wp-content\/uploads\/2019\/04\/majovka-k-552x781.jpg 552w, https:\/\/regiontatry.sk\/wp-content\/uploads\/2019\/04\/majovka-k.jpg 799w\" sizes=\"(max-width: 723px) 100vw, 723px\" \/><\/figure>\n","protected":false},"excerpt":{"rendered":"<p>Poz\u00fdvame V\u00e1s na prav\u00fa&nbsp;Tatransk\u00fa M\u00e1jovku,&nbsp;ktor\u00e1 sa bude kona\u0165 po\u010das prv\u00e9ho m\u00e1jov\u00e9ho v\u00edkendu. Pr\u00ed\u010fte sa zabavi\u0165, za\u0161portova\u0165 si a za\u017ei\u0165 tie najkraj\u0161ie v\u00fdh\u013eady! Po\u010das t\u00fdchto dn\u00ed sme pre V\u00e1s pripravili bohat\u00fd sprievodn\u00fd program, po\u010das ktor\u00e9ho sa ur\u010dite nebudete nudi\u0165!&nbsp; Tatransk\u00e1 Lomnica &#8211; Humno Tatry Po\u010das Tatranskej M\u00e1jovky je pre v\u00e1s pripraven\u00fd bohat\u00fd dvojd\u0148ov\u00fd program aj v [&hellip;]<\/p>\n","protected":false},"featured_media":17303,"template":"","categories":[],"class_list":["post-17423","event","type-event","status-publish","has-post-thumbnail","hentry"],"more_info":{"galeria":false,"datum_od_do_enabled":true,"datum_od":"04.05.","datum_do":"05.05.2019","viac_datumov":false,"datumy":null,"cas_od":"","cas_do":"","miesto_konania":"Tatransk\u00e1 Lomnica<br \/>\r\nHrebienok<br \/>\r\nSkalnat\u00e9 Pleso<br \/>\r\n\u0160trbsk\u00e9 Pleso","cena_enabled":false,"ceny":null,"telefon":"","email":"","web_listkov":"","web_podujatia":"https:\/\/www.vt.sk\/zazitky\/eventy\/tatranska-majovka-2019\/"},"_links":{"self":[{"href":"https:\/\/regiontatry.sk\/en\/wp-json\/wp\/v2\/events\/17423"}],"collection":[{"href":"https:\/\/regiontatry.sk\/en\/wp-json\/wp\/v2\/events"}],"about":[{"href":"https:\/\/regiontatry.sk\/en\/wp-json\/wp\/v2\/types\/event"}],"version-history":[{"count":1,"href":"https:\/\/regiontatry.sk\/en\/wp-json\/wp\/v2\/events\/17423\/revisions"}],"predecessor-version":[{"id":17425,"href":"https:\/\/regiontatry.sk\/en\/wp-json\/wp\/v2\/events\/17423\/revisions\/17425"}],"wp:featuredmedia":[{"embeddable":true,"href":"https:\/\/regiontatry.sk\/en\/wp-json\/wp\/v2\/media\/17303"}],"wp:attachment":[{"href":"https:\/\/regiontatry.sk\/en\/wp-json\/wp\/v2\/media?parent=17423"}],"wp:term":[{"taxonomy":"category","embeddable":true,"href":"https:\/\/regiontatry.sk\/en\/wp-json\/wp\/v2\/categories?post=17423"}],"curies":[{"name":"wp","href":"https:\/\/api.w.org\/{rel}","templated":true}]}}

Tatranská Májovka 2019

<p>Pozývame Vás na pravú&nbsp;<strong><em>Tatranskú Májovku,&nbsp;</em></strong>ktorá sa bude konať počas prvého májového víkendu. Príďte sa zabaviť, zašportovať si a zažiť tie najkrajšie výhľady! Počas týchto dní sme pre Vás pripravili bohatý sprievodný program, počas ktorého sa určite nebudete nudiť!&nbsp;<br><br></p>



<hr class="wp-block-separator"/>



<div class="wp-block-image"><figure class="alignleft"><img decoding="async" src="https://www.vt.sk/fileadmin/_processed_/csm_c_Marek_Hajkovsky_foto_HUMNO_terasa_2018_17_71e5517f1c.jpg" alt=""/></figure></div>



<h4 class="wp-block-heading">Tatranská Lomnica &#8211; Humno Tatry</h4>



<p>Počas Tatranskej Májovky je pre vás pripravený bohatý dvojdňový program aj v Tatranskej Lomnici v <a href="https://www.humnotatry.sk/">Humno Tatry</a>. Prvý májový víkend vás pozývame vychutnať si Kulinársky zážitok s novým jarným menu a to priamo pod Lomnickým Štítom. Počas víkendu bude pre vás v Humne hrať živá hudba od 14:00 do 20:00. V piatok a sobotu sa pripravte na tie najlepšie disko párty v Tatrách. </p>



<hr class="wp-block-separator"/>



<div class="wp-block-image"><figure class="alignright"><a href="https://www.vt.sk/fileadmin/user_upload/c_Marek_Hajkovsky_foto_SKALNATE_PLESO_2018_48.jpg" data-rel="lightbox-image-0" data-rl_title="" data-rl_caption="" title=""><img decoding="async" src="https://www.vt.sk/fileadmin/_processed_/csm_c_Marek_Hajkovsky_foto_SKALNATE_PLESO_2018_48_ec33d23cf6.jpg" alt=""/></a></figure></div>



<h4 class="wp-block-heading">Skalnaté pleso&nbsp;</h4>



<p>Nechajte sa vyviesť lanovkami na miesto, ktoré ponúkajú tie najkrajšie výhľady. Na Skalnatom Plese bude na vás čakať skvelá zábava v podobne<strong> animačných programov</strong> v eko-mini-parku &#8211; Svištia krajinka, kde bude pre vás a vaše ratolesti pripravená <strong>kamzíčia olympiáda</strong>. V novej a modernej reštaurácií Panorama vás čakajú slovenské, ale aj zahraničné špeciality od našich šéfkuchárov. V rámci zábavy sa budete môcť previesť na <strong><a href="https://www.vt.sk/hory/letne-atrakcie/kary-a-kolobezky/">horských kárach </a></strong>MOUNTAINCARTS z medzistanice Štart až do Tatranskej Lomnice po 3km dlhej trati. </p>



<hr class="wp-block-separator"/>



<div class="wp-block-image"><figure class="alignleft"><a href="https://www.vt.sk/fileadmin/user_upload/efewf.jpg" data-rel="lightbox-image-1" data-rl_title="" data-rl_caption="" title=""><img decoding="async" src="https://www.vt.sk/fileadmin/_processed_/csm_efewf_b5d44d3fe0.jpg" alt=""/></a></figure></div>



<h4 class="wp-block-heading">Starý Smokovec</h4>



<p>V Starom Smokovci budú na vás čakať horské chaty a krásne vodopády ku ktorým vedú nádherné, jarné prechádzky. Na Hrebienok vás pohodlne vyvezie pozemná lanovka za nádhernými výhľadmi a oddychom v príjemnej zóne. V Starom Smokovci si budete môcť vychutnať letné drinky v podobe &#8220;rituálu s hruškou&#8221; v podnikovej predajni &#8211; Rudolf Jelínek. Zažiť budete môcť novú, interaktívnu galériu svetla &#8211; <strong><a href="https://www.vt.sk/zazitky/eventy/kvantarium/">Kvantarium</a>, </strong>v ktorej sa môžete tešiť na osem miestností, kde nájdete rôznorodé multimediálne show, interaktívne exponáty, či vysvetlenie fyzikálnych javov. </p>



<hr class="wp-block-separator"/>



<div class="wp-block-image"><figure class="alignright"><a href="https://www.vt.sk/fileadmin/_processed_/csm_1080x1080_9b9066d56e.png" data-rel="lightbox-image-2" data-rl_title="" data-rl_caption="" title=""><img decoding="async" src="https://www.vt.sk/fileadmin/_processed_/csm_1080x1080_96bc79d3dd.png" alt=""/></a></figure></div>



<h4 class="wp-block-heading">Kvantarium / Hrebienok</h4>



<p>Prehliadka pozostáva z ôsmich miestností kde nájdete rôznorodé multimediálne show, interaktívne exponáty, vysvetlenia fyzikálnych javov a to všetko v rozprávkovom duchu, ktorý zaujme našich najmenších, ale aj dospelých natoľko, že nebudú chcieť ísť domov. Prehliadka tejto interaktívnej galérie svetla bude pre vás kúzelná, umelecká, rozprávková, fyzikálna, vedecká a vzdelávacia. Jednoducho, na Hrebienku vás čaká nezabudnuteľná hra svetiel. Počas podujatia Tatranská Májovka bude pre vás pripravená&nbsp;<strong>30% uvádzacia zľava na vstup</strong>.&nbsp;<a href="https://www.vt.sk/zazitky/eventy/kvantarium/">VIAC</a></p>



<hr class="wp-block-separator"/>



<div class="wp-block-image"><figure class="alignleft"><a href="https://www.vt.sk/fileadmin/_processed_/csm_sedacka_solisko_f38883196f.jpg" data-rel="lightbox-image-3" data-rl_title="" data-rl_caption="" title=""><img decoding="async" src="https://www.vt.sk/fileadmin/_processed_/csm_sedacka_solisko_283c1aa42d.jpg" alt=""/></a></figure></div>



<h4 class="wp-block-heading">Štrbské Pleso</h4>



<p>Počas tohto víkendu bude v stredisku Štrbské Pleso pre vás spustená lanovka na Solisko (1840 m.n.m.). Vyhliadkový výlet s lanovou na Solisko bude pre vás nezabudnuteľným zážitkom.<br><br><br></p>



<figure class="wp-block-image"><img loading="lazy" decoding="async" width="723" height="1024" src="https://regiontatry.sk/wp-content/uploads/2019/04/majovka-k-723x1024.jpg" alt="" class="wp-image-17302" srcset="https://regiontatry.sk/wp-content/uploads/2019/04/majovka-k-723x1024.jpg 723w, https://regiontatry.sk/wp-content/uploads/2019/04/majovka-k-212x300.jpg 212w, https://regiontatry.sk/wp-content/uploads/2019/04/majovka-k-768x1087.jpg 768w, https://regiontatry.sk/wp-content/uploads/2019/04/majovka-k-698x988.jpg 698w, https://regiontatry.sk/wp-content/uploads/2019/04/majovka-k-552x781.jpg 552w, https://regiontatry.sk/wp-content/uploads/2019/04/majovka-k.jpg 799w" sizes="(max-width: 723px) 100vw, 723px" /></figure>

<p>Pozývame Vás na pravú&nbsp;Tatranskú Májovku,&nbsp;ktorá sa bude konať počas prvého májového víkendu. Príďte sa zabaviť, zašportovať si a zažiť tie najkrajšie výhľady! Počas týchto dní sme pre Vás pripravili bohatý sprievodný program, počas ktorého sa určite nebudete nudiť!&nbsp; Tatranská Lomnica &#8211; Humno Tatry Počas Tatranskej Májovky je pre vás pripravený bohatý dvojdňový program aj v [&hellip;]</p>

Tatranská Lomnica<br />
Hrebienok<br />
Skalnaté Pleso<br />
Štrbské Pleso
