{"id":19593,"date":"2019-07-15T14:53:04","date_gmt":"2019-07-15T12:53:04","guid":{"rendered":"https:\/\/regiontatry.sk\/event\/benatska-noc-2019\/"},"modified":"2019-07-19T10:58:24","modified_gmt":"2019-07-19T08:58:24","slug":"benatska-noc-2019","status":"publish","type":"event","link":"https:\/\/regiontatry.sk\/en\/event\/benatska-noc-2019\/","title":{"rendered":"Ben\u00e1tska noc 2019"},"content":{"rendered":"\n<p>V\u0161etk\u00fdch n\u00e1v\u0161tevn\u00edkov poz\u00fdvame na&nbsp;<strong>romantick\u00e9 \u010dlnkovanie na \u0160trbskom Plese<\/strong>, ktor\u00e9 si vychutn\u00e1te v podve\u010dernej letnej atmosf\u00e9re. Po\u010das ve\u010dera sa m\u00f4\u017eete aj tento rok te\u0161i\u0165 na r\u00f4zne divadeln\u00e9, hudobn\u00e9, \u010di anima\u010dn\u00e9 vyst\u00fapenia.&nbsp;<\/p>\n\n\n\n<p>N\u00e1zov podujatia Ben\u00e1tska noc nie je n\u00e1hodn\u00fd. Ben\u00e1tsku noc organizovali u\u017e v minul\u00fdch desa\u0165ro\u010diach n\u00e1v\u0161tevn\u00edci a obyvatelia Tatier, ako pohodov\u00e9 podve\u010dern\u00e9 podujatie spojen\u00e9 s \u010dlnkovan\u00edm, hudbou a dobr\u00fdm jedlom.&nbsp;\u0160trbsk\u00e9 pleso vytvor\u00ed u\u017e&nbsp;<strong>po 6. kr\u00e1t<\/strong>&nbsp;prav\u00fa ben\u00e1tsku atmosf\u00e9ru 27.7.2019.<\/p>\n\n\n\n<p>U\u017eite si kr\u00e1sny ve\u010der vo Vysok\u00fdch Tatr\u00e1ch, na ktor\u00fd sa nezab\u00fada.<\/p>\n\n\n\n<ul class=\"wp-block-list\"><li>Vstup na podujatie je zdarma<\/li><li>Predaj l\u00edstkov na \u010dlnkovanie bude priamo v pr\u00edstave<\/li><li>Po\u010det l\u00edstkov je limitovan\u00fd<\/li><\/ul>\n\n\n\n<figure class=\"wp-block-image\"><img loading=\"lazy\" decoding=\"async\" width=\"636\" height=\"900\" src=\"https:\/\/regiontatry.sk\/wp-content\/uploads\/2019\/07\/csm_BN_final_plagat_2019_15d864a9b7.png\" alt=\"\" class=\"wp-image-19589\" srcset=\"https:\/\/regiontatry.sk\/wp-content\/uploads\/2019\/07\/csm_BN_final_plagat_2019_15d864a9b7.png 636w, https:\/\/regiontatry.sk\/wp-content\/uploads\/2019\/07\/csm_BN_final_plagat_2019_15d864a9b7-212x300.png 212w, https:\/\/regiontatry.sk\/wp-content\/uploads\/2019\/07\/csm_BN_final_plagat_2019_15d864a9b7-552x781.png 552w\" sizes=\"(max-width: 636px) 100vw, 636px\" \/><\/figure>\n\n\n\n<div style=\"height:100px\" aria-hidden=\"true\" class=\"wp-block-spacer\"><\/div>\n\n\n\n<iframe loading=\"lazy\" width=\"100%\" height=\"500\" src=\"https:\/\/www.youtube.com\/embed\/GfFKeS5h6SU\" frameborder=\"0\" allow=\"accelerometer; autoplay; encrypted-media; gyroscope; picture-in-picture\" allowfullscreen=\"\"><\/iframe>\n","protected":false},"excerpt":{"rendered":"<p>V\u0161etk\u00fdch n\u00e1v\u0161tevn\u00edkov poz\u00fdvame na&nbsp;romantick\u00e9 \u010dlnkovanie na \u0160trbskom Plese, ktor\u00e9 si vychutn\u00e1te v podve\u010dernej letnej atmosf\u00e9re. Po\u010das ve\u010dera sa m\u00f4\u017eete aj tento rok te\u0161i\u0165 na r\u00f4zne divadeln\u00e9, hudobn\u00e9, \u010di anima\u010dn\u00e9 vyst\u00fapenia.&nbsp; N\u00e1zov podujatia Ben\u00e1tska noc nie je n\u00e1hodn\u00fd. Ben\u00e1tsku noc organizovali u\u017e v minul\u00fdch desa\u0165ro\u010diach n\u00e1v\u0161tevn\u00edci a obyvatelia Tatier, ako pohodov\u00e9 podve\u010dern\u00e9 podujatie spojen\u00e9 s \u010dlnkovan\u00edm, [&hellip;]<\/p>\n","protected":false},"featured_media":19590,"template":"","categories":[],"class_list":["post-19593","event","type-event","status-publish","has-post-thumbnail","hentry"],"more_info":{"galeria":false,"datum_od_do_enabled":true,"datum_od":"","datum_do":"27.07.2019","viac_datumov":false,"datumy":null,"cas_od":"17:00","cas_do":"22:00","miesto_konania":"\u0160trbsk\u00e9 Pleso","cena_enabled":false,"ceny":null,"telefon":"","email":"","web_listkov":"","web_podujatia":""},"_links":{"self":[{"href":"https:\/\/regiontatry.sk\/en\/wp-json\/wp\/v2\/events\/19593"}],"collection":[{"href":"https:\/\/regiontatry.sk\/en\/wp-json\/wp\/v2\/events"}],"about":[{"href":"https:\/\/regiontatry.sk\/en\/wp-json\/wp\/v2\/types\/event"}],"version-history":[{"count":3,"href":"https:\/\/regiontatry.sk\/en\/wp-json\/wp\/v2\/events\/19593\/revisions"}],"predecessor-version":[{"id":19639,"href":"https:\/\/regiontatry.sk\/en\/wp-json\/wp\/v2\/events\/19593\/revisions\/19639"}],"wp:featuredmedia":[{"embeddable":true,"href":"https:\/\/regiontatry.sk\/en\/wp-json\/wp\/v2\/media\/19590"}],"wp:attachment":[{"href":"https:\/\/regiontatry.sk\/en\/wp-json\/wp\/v2\/media?parent=19593"}],"wp:term":[{"taxonomy":"category","embeddable":true,"href":"https:\/\/regiontatry.sk\/en\/wp-json\/wp\/v2\/categories?post=19593"}],"curies":[{"name":"wp","href":"https:\/\/api.w.org\/{rel}","templated":true}]}}

Benátska noc 2019

<p>Všetkých návštevníkov pozývame na&nbsp;<strong>romantické člnkovanie na Štrbskom Plese</strong>, ktoré si vychutnáte v podvečernej letnej atmosfére. Počas večera sa môžete aj tento rok tešiť na rôzne divadelné, hudobné, či animačné vystúpenia.&nbsp;</p>



<p>Názov podujatia Benátska noc nie je náhodný. Benátsku noc organizovali už v minulých desaťročiach návštevníci a obyvatelia Tatier, ako pohodové podvečerné podujatie spojené s člnkovaním, hudbou a dobrým jedlom.&nbsp;Štrbské pleso vytvorí už&nbsp;<strong>po 6. krát</strong>&nbsp;pravú benátsku atmosféru 27.7.2019.</p>



<p>Užite si krásny večer vo Vysokých Tatrách, na ktorý sa nezabúda.</p>



<ul class="wp-block-list"><li>Vstup na podujatie je zdarma</li><li>Predaj lístkov na člnkovanie bude priamo v prístave</li><li>Počet lístkov je limitovaný</li></ul>



<figure class="wp-block-image"><img loading="lazy" decoding="async" width="636" height="900" src="https://regiontatry.sk/wp-content/uploads/2019/07/csm_BN_final_plagat_2019_15d864a9b7.png" alt="" class="wp-image-19589" srcset="https://regiontatry.sk/wp-content/uploads/2019/07/csm_BN_final_plagat_2019_15d864a9b7.png 636w, https://regiontatry.sk/wp-content/uploads/2019/07/csm_BN_final_plagat_2019_15d864a9b7-212x300.png 212w, https://regiontatry.sk/wp-content/uploads/2019/07/csm_BN_final_plagat_2019_15d864a9b7-552x781.png 552w" sizes="(max-width: 636px) 100vw, 636px" /></figure>



<div style="height:100px" aria-hidden="true" class="wp-block-spacer"></div>



<iframe loading="lazy" width="100%" height="500" src="https://www.youtube.com/embed/GfFKeS5h6SU" frameborder="0" allow="accelerometer; autoplay; encrypted-media; gyroscope; picture-in-picture" allowfullscreen=""></iframe>

<p>Všetkých návštevníkov pozývame na&nbsp;romantické člnkovanie na Štrbskom Plese, ktoré si vychutnáte v podvečernej letnej atmosfére. Počas večera sa môžete aj tento rok tešiť na rôzne divadelné, hudobné, či animačné vystúpenia.&nbsp; Názov podujatia Benátska noc nie je náhodný. Benátsku noc organizovali už v minulých desaťročiach návštevníci a obyvatelia Tatier, ako pohodové podvečerné podujatie spojené s člnkovaním, [&hellip;]</p>

Štrbské Pleso
