{"id":23294,"date":"2019-12-30T10:38:04","date_gmt":"2019-12-30T09:38:04","guid":{"rendered":"https:\/\/regiontatry.sk\/event\/tatry-ice-master-2020\/"},"modified":"2020-01-10T11:09:30","modified_gmt":"2020-01-10T10:09:30","slug":"tatry-ice-master-2020","status":"publish","type":"event","link":"https:\/\/regiontatry.sk\/en\/event\/tatry-ice-master-2020\/","title":{"rendered":"TATRY ICE MASTER 2020"},"content":{"rendered":"\n<p>\u013dadov\u00e1 kr\u00e1sa u\u017e m\u00e1 svoje miesto &#8211;&nbsp;od 18. do 19. janu\u00e1ra 2020 n\u00edm bude vysokotatransk\u00fd&nbsp;Hrebienok, a to v\u010faka 8. ro\u010dn\u00edku u\u017e tradi\u010dn\u00e9ho podujatia&nbsp;TATRY ICE MASTER. Po\u010das dvoch dn\u00ed \u013eadov\u00ed soch\u00e1ri z desiatich kraj\u00edn sveta vd\u00fdchnu \u017eivot 50-tim ton\u00e1m \u013eadu a premenia ich na 35 unik\u00e1tnych \u013eadov\u00fdch s\u00f4ch. Po\u010das podujatia bude pre v\u00e1s pripraven\u00fd bohat\u00fd sprievodn\u00fd program.<\/p>\n\n\n\n<ul class=\"wp-block-gallery columns-3 is-cropped wp-block-gallery-2 is-layout-flex wp-block-gallery-is-layout-flex\"><li class=\"blocks-gallery-item\"><figure><img loading=\"lazy\" decoding=\"async\" width=\"1024\" height=\"466\" src=\"https:\/\/regiontatry.sk\/wp-content\/uploads\/2019\/01\/c-Marek-Hajkovsky-foto-TIM-2018_182_1605jpg-1024x466.jpg\" alt=\"\" data-id=\"14660\" data-link=\"https:\/\/regiontatry.sk\/?attachment_id=14660\" class=\"wp-image-14660\" srcset=\"https:\/\/regiontatry.sk\/wp-content\/uploads\/2019\/01\/c-Marek-Hajkovsky-foto-TIM-2018_182_1605jpg-1024x466.jpg 1024w, https:\/\/regiontatry.sk\/wp-content\/uploads\/2019\/01\/c-Marek-Hajkovsky-foto-TIM-2018_182_1605jpg-300x136.jpg 300w, https:\/\/regiontatry.sk\/wp-content\/uploads\/2019\/01\/c-Marek-Hajkovsky-foto-TIM-2018_182_1605jpg-768x349.jpg 768w, https:\/\/regiontatry.sk\/wp-content\/uploads\/2019\/01\/c-Marek-Hajkovsky-foto-TIM-2018_182_1605jpg-698x317.jpg 698w, https:\/\/regiontatry.sk\/wp-content\/uploads\/2019\/01\/c-Marek-Hajkovsky-foto-TIM-2018_182_1605jpg-552x251.jpg 552w, https:\/\/regiontatry.sk\/wp-content\/uploads\/2019\/01\/c-Marek-Hajkovsky-foto-TIM-2018_182_1605jpg.jpg 1605w\" sizes=\"(max-width: 1024px) 100vw, 1024px\" \/><\/figure><\/li><li class=\"blocks-gallery-item\"><figure><img loading=\"lazy\" decoding=\"async\" width=\"690\" height=\"300\" src=\"https:\/\/regiontatry.sk\/wp-content\/uploads\/2018\/10\/c-Marek-Hajkovsky-foto-TIM_690.jpg\" alt=\"\" data-id=\"7712\" data-link=\"https:\/\/regiontatry.sk\/zimna-sezona-vo-vysokych-tatrach-bola-uspesna\/c-marek-hajkovsky-foto-tim_690\/\" class=\"wp-image-7712\" srcset=\"https:\/\/regiontatry.sk\/wp-content\/uploads\/2018\/10\/c-Marek-Hajkovsky-foto-TIM_690.jpg 690w, https:\/\/regiontatry.sk\/wp-content\/uploads\/2018\/10\/c-Marek-Hajkovsky-foto-TIM_690-300x130.jpg 300w\" sizes=\"(max-width: 690px) 100vw, 690px\" \/><\/figure><\/li><li class=\"blocks-gallery-item\"><figure><img loading=\"lazy\" decoding=\"async\" width=\"1024\" height=\"478\" src=\"https:\/\/regiontatry.sk\/wp-content\/uploads\/2018\/10\/tim-1024x478.jpg\" alt=\"\" data-id=\"6086\" data-link=\"https:\/\/regiontatry.sk\/lyzovanie\/stary-smokovec\/tim\/\" class=\"wp-image-6086\" srcset=\"https:\/\/regiontatry.sk\/wp-content\/uploads\/2018\/10\/tim-1024x478.jpg 1024w, https:\/\/regiontatry.sk\/wp-content\/uploads\/2018\/10\/tim-300x140.jpg 300w, https:\/\/regiontatry.sk\/wp-content\/uploads\/2018\/10\/tim-768x358.jpg 768w, https:\/\/regiontatry.sk\/wp-content\/uploads\/2018\/10\/tim.jpg 1500w\" sizes=\"(max-width: 1024px) 100vw, 1024px\" \/><\/figure><\/li><\/ul>\n\n\n\n<p>\u0160ikovn\u00ed soch\u00e1ri a umelci bud\u00fa pracova\u0165 s 50-timi tonami \u013eadu na r\u00f4znych mot\u00edvoch a t\u00e9mach, ktor\u00e9 vd\u00fdchnu do impozantn\u00fdch s\u00f4ch. V prv\u00fd de\u0148 bud\u00fa ma\u0165 soch\u00e1ri za \u00falohu pripravi\u0165 \u013eadov\u00e9 sochy&nbsp;v t\u00e9me&nbsp;<strong>&#8220;Zachr\u00e1\u0148me na\u0161u plan\u00e9tu&#8221;<\/strong>. V druhom dni podujatia \u010dak\u00e1 soch\u00e1rov t\u00e9ma&nbsp;<strong>&#8220;Rozpr\u00e1vkov\u00fd svet mojimi o\u010dami&#8221;<\/strong>, a teda bude len na nich, \u010d\u00edm verejnos\u0165&nbsp;\u010di porotu presved\u010dia. \u013dadov\u00e9 sochy, ktor\u00e9 po\u010das d\u0148a umelci vytvoria,&nbsp;bud\u00fa od zotmenia nasvieten\u00e9, \u010d\u00edm sa umocn\u00ed dizajn a kr\u00e1sa jednotliv\u00fdch s\u00f4ch. Jednu \u010das\u0165 s\u00f4ch bud\u00fa \u013eadov\u00ed rezb\u00e1ri vytv\u00e1ra\u0165 popri budove lanovky a druh\u00e1 bude umiestnen\u00e1 v druhej kupole ved\u013ea&nbsp;<a href=\"https:\/\/www.vt.sk\/zazitky\/eventy\/tatransky-dom-19\/20\">Tatransk\u00e9ho \u013eadov\u00e9ho D\u00f3mu<\/a>. Sochy umiestnen\u00e9 v kupole &#8211;&nbsp;<strong>Gal\u00e9ria \u013eadov\u00fdch majstrov<\/strong>&nbsp;bude v prev\u00e1dzke a\u017e do skon\u010denia zimnej sez\u00f3ny, resp. do konca apr\u00edla&nbsp;2020. Druh\u00e1 \u010das\u0165 s\u00f4ch bude ponechan\u00e1 na otvorenom priestranstve, k\u00fdm ich po\u010dasie neroztop\u00ed.&nbsp;<\/p>\n\n\n\n<p>Do hlasovania o najlep\u0161\u00ed t\u00edm z 10 kraj\u00edn sveta sa m\u00f4\u017eete zapoji\u0165 aj vy! V ka\u017edej na\u0161ej prev\u00e1dzke, \u010di pokladni, dostanete k n\u00e1kupu hlasovac\u00ed l\u00edstok, ktor\u00fd m\u00f4\u017eete vyplnen\u00fd vlo\u017ei\u0165 do hlasovacej urny. T\u00e1 bude umiestnen\u00e1 na p\u00f3diu na Hrebienku. Vyplnen\u00fdm hlasovac\u00edm l\u00edstkom a zapojen\u00edm sa do s\u00fa\u0165a\u017ee, m\u00f4\u017eete z\u00edska\u0165 skvel\u00e9 ceny!&nbsp;<\/p>\n\n\n\n<p><strong>ZMENA V PROGRAME<\/strong><\/p>\n\n\n\n<p><strong>D\u0148a 18.01.2020 na podujat\u00ed Tatry Ice Master zo zdravotn\u00fdch d\u00f4vodov Sima Martausov\u00e1 nevyst\u00fapi. V hudobnom vyst\u00fapen\u00ed ju nahrad\u00ed fam\u00f3zna spev\u00e1\u010dka a v\u00ed\u0165azka Superstar EMMA DROBN\u00c1.<\/strong><\/p>\n\n\n\n<p>Podujatie&nbsp;Tatry Ice Master&nbsp;bude sprev\u00e1dza\u0165 aj bohat\u00fd sprievodn\u00fd program. Po\u010das d\u0148a na v\u00e1s bud\u00fa \u010daka\u0165 r\u00f4zne hry, \u010di s\u00fa\u0165a\u017ee o zauj\u00edmav\u00e9 ceny. Hne\u010f v sobotu ve\u010der, ke\u010f ut\u00edchne zvuk motorov\u00fdch p\u00edl, sa V\u00e1m popri n\u00e1dherne rozsvieten\u00fdch \u013eadov\u00fdch soch\u00e1ch predvedie&nbsp;<strong>EMMA DROBN\u00c1<\/strong>.&nbsp;Jej predkapelou bude&nbsp;<strong>kapela 2 VOISIS<\/strong>, ktor\u00e1 je \u010derstv\u00fdm v\u00ed\u0165azom Ko\u0161ick\u00e9ho zlat\u00e9ho pokladu. V nede\u013eu ve\u010der sa na p\u00f3diu vystrieda fam\u00f3zny&nbsp;<strong>ADAM \u010eURICA<\/strong>.&nbsp;Po predstaven\u00ed hudobn\u00fdch umelcov, V\u00e1s v oba dni \u010dak\u00e1&nbsp;\u013eadovo &#8211; oh\u0148ov\u00e1 show&nbsp;v podan\u00ed dvoch soch\u00e1rskych t\u00edmov.<\/p>\n\n\n\n<figure class=\"wp-block-image\"><img loading=\"lazy\" decoding=\"async\" width=\"730\" height=\"176\" src=\"https:\/\/regiontatry.sk\/wp-content\/uploads\/2018\/10\/c-Marek-Hajkovsky-foto-TIM-2018_153_730-730x176.jpg\" alt=\"\" class=\"wp-image-7591\" srcset=\"https:\/\/regiontatry.sk\/wp-content\/uploads\/2018\/10\/c-Marek-Hajkovsky-foto-TIM-2018_153_730-730x176.jpg 730w, https:\/\/regiontatry.sk\/wp-content\/uploads\/2018\/10\/c-Marek-Hajkovsky-foto-TIM-2018_153_730-730x176-300x72.jpg 300w, https:\/\/regiontatry.sk\/wp-content\/uploads\/2018\/10\/c-Marek-Hajkovsky-foto-TIM-2018_153_730-730x176-698x168.jpg 698w, https:\/\/regiontatry.sk\/wp-content\/uploads\/2018\/10\/c-Marek-Hajkovsky-foto-TIM-2018_153_730-730x176-552x133.jpg 552w\" sizes=\"(max-width: 730px) 100vw, 730px\" \/><\/figure>\n\n\n\n<div style=\"height:100px\" aria-hidden=\"true\" class=\"wp-block-spacer\"><\/div>\n\n\n\n<p><iframe loading=\"lazy\" width=\"100%\" height=\"550\" src=\"https:\/\/www.youtube.com\/embed\/5fJk9OEyCLQ\" frameborder=\"0\" allow=\"accelerometer; autoplay; encrypted-media; gyroscope; picture-in-picture\" allowfullscreen=\"\"><\/iframe><\/p>\n\n\n\n<div style=\"height:100px\" aria-hidden=\"true\" class=\"wp-block-spacer\"><\/div>\n\n\n\n<p><strong>Fin\u00e1lne n\u00e1vrhy soch\u00e1rov z 10 kraj\u00edn sveta, ktor\u00ed&nbsp;post\u00fapili do fin\u00e1lne a ich tvorbu budete m\u00f4c\u0165 vidie\u0165 na\u017eivo u\u017e 18. a 19. janu\u00e1ra 2020 na Hrebienku<\/strong><\/p>\n\n\n\n<h3 class=\"wp-block-heading\"><strong>Fin\u00e1lne n\u00e1vrhy soch\u00e1rskych&nbsp;t\u00edmov<\/strong><\/h3>\n\n\n\n<iframe loading=\"lazy\" src=\"https:\/\/regiontatry.sk\/wp-content\/uploads\/2020\/01\/NAKRESY_TOP_TEN_TIM_2020.pdf\" width=\"100%\" height=\"1200\"><\/iframe>\n\n\n\n<div style=\"height:100px\" aria-hidden=\"true\" class=\"wp-block-spacer\"><\/div>\n\n\n\n<p><strong>Realizovan\u00e9 s&nbsp;finan\u010dnou podporou Ministerstva dopravy a&nbsp;v\u00fdstavy Slovenskej republiky.<\/strong><\/p>\n","protected":false},"excerpt":{"rendered":"<p>\u013dadov\u00e1 kr\u00e1sa u\u017e m\u00e1 svoje miesto &#8211;&nbsp;od 18. do 19. janu\u00e1ra 2020 n\u00edm bude vysokotatransk\u00fd&nbsp;Hrebienok, a to v\u010faka 8. ro\u010dn\u00edku u\u017e tradi\u010dn\u00e9ho podujatia&nbsp;TATRY ICE MASTER. Po\u010das dvoch dn\u00ed \u013eadov\u00ed soch\u00e1ri z desiatich kraj\u00edn sveta vd\u00fdchnu \u017eivot 50-tim ton\u00e1m \u013eadu a premenia ich na 35 unik\u00e1tnych \u013eadov\u00fdch s\u00f4ch. Po\u010das podujatia bude pre v\u00e1s pripraven\u00fd bohat\u00fd sprievodn\u00fd [&hellip;]<\/p>\n","protected":false},"featured_media":23528,"template":"","categories":[],"class_list":["post-23294","event","type-event","status-publish","has-post-thumbnail","hentry"],"more_info":{"galeria":false,"datum_od_do_enabled":true,"datum_od":"18.01.","datum_do":"19.01.2020","viac_datumov":false,"datumy":null,"cas_od":"","cas_do":"","miesto_konania":"Hrebienok<br \/>\r\nStar\u00fd Smokovec","cena_enabled":false,"ceny":null,"telefon":"","email":"","web_listkov":"","web_podujatia":"https:\/\/www.vt.sk\/zazitky\/eventy\/tatry-ice-master-2020"},"_links":{"self":[{"href":"https:\/\/regiontatry.sk\/en\/wp-json\/wp\/v2\/events\/23294"}],"collection":[{"href":"https:\/\/regiontatry.sk\/en\/wp-json\/wp\/v2\/events"}],"about":[{"href":"https:\/\/regiontatry.sk\/en\/wp-json\/wp\/v2\/types\/event"}],"version-history":[{"count":2,"href":"https:\/\/regiontatry.sk\/en\/wp-json\/wp\/v2\/events\/23294\/revisions"}],"predecessor-version":[{"id":23564,"href":"https:\/\/regiontatry.sk\/en\/wp-json\/wp\/v2\/events\/23294\/revisions\/23564"}],"wp:featuredmedia":[{"embeddable":true,"href":"https:\/\/regiontatry.sk\/en\/wp-json\/wp\/v2\/media\/23528"}],"wp:attachment":[{"href":"https:\/\/regiontatry.sk\/en\/wp-json\/wp\/v2\/media?parent=23294"}],"wp:term":[{"taxonomy":"category","embeddable":true,"href":"https:\/\/regiontatry.sk\/en\/wp-json\/wp\/v2\/categories?post=23294"}],"curies":[{"name":"wp","href":"https:\/\/api.w.org\/{rel}","templated":true}]}}

<p>Ľadová krása už má svoje miesto &#8211;&nbsp;od 18. do 19. januára 2020 ním bude vysokotatranský&nbsp;Hrebienok, a to vďaka 8. ročníku už tradičného podujatia&nbsp;TATRY ICE MASTER. Počas dvoch dní ľadoví sochári z desiatich krajín sveta vdýchnu život 50-tim tonám ľadu a premenia ich na 35 unikátnych ľadových sôch. Počas podujatia bude pre vás pripravený bohatý sprievodný program.</p>



<ul class="wp-block-gallery columns-3 is-cropped wp-block-gallery-2 is-layout-flex wp-block-gallery-is-layout-flex"><li class="blocks-gallery-item"><figure><img loading="lazy" decoding="async" width="1024" height="466" src="https://regiontatry.sk/wp-content/uploads/2019/01/c-Marek-Hajkovsky-foto-TIM-2018_182_1605jpg-1024x466.jpg" alt="" data-id="14660" data-link="https://regiontatry.sk/?attachment_id=14660" class="wp-image-14660" srcset="https://regiontatry.sk/wp-content/uploads/2019/01/c-Marek-Hajkovsky-foto-TIM-2018_182_1605jpg-1024x466.jpg 1024w, https://regiontatry.sk/wp-content/uploads/2019/01/c-Marek-Hajkovsky-foto-TIM-2018_182_1605jpg-300x136.jpg 300w, https://regiontatry.sk/wp-content/uploads/2019/01/c-Marek-Hajkovsky-foto-TIM-2018_182_1605jpg-768x349.jpg 768w, https://regiontatry.sk/wp-content/uploads/2019/01/c-Marek-Hajkovsky-foto-TIM-2018_182_1605jpg-698x317.jpg 698w, https://regiontatry.sk/wp-content/uploads/2019/01/c-Marek-Hajkovsky-foto-TIM-2018_182_1605jpg-552x251.jpg 552w, https://regiontatry.sk/wp-content/uploads/2019/01/c-Marek-Hajkovsky-foto-TIM-2018_182_1605jpg.jpg 1605w" sizes="(max-width: 1024px) 100vw, 1024px" /></figure></li><li class="blocks-gallery-item"><figure><img loading="lazy" decoding="async" width="690" height="300" src="https://regiontatry.sk/wp-content/uploads/2018/10/c-Marek-Hajkovsky-foto-TIM_690.jpg" alt="" data-id="7712" data-link="https://regiontatry.sk/zimna-sezona-vo-vysokych-tatrach-bola-uspesna/c-marek-hajkovsky-foto-tim_690/" class="wp-image-7712" srcset="https://regiontatry.sk/wp-content/uploads/2018/10/c-Marek-Hajkovsky-foto-TIM_690.jpg 690w, https://regiontatry.sk/wp-content/uploads/2018/10/c-Marek-Hajkovsky-foto-TIM_690-300x130.jpg 300w" sizes="(max-width: 690px) 100vw, 690px" /></figure></li><li class="blocks-gallery-item"><figure><img loading="lazy" decoding="async" width="1024" height="478" src="https://regiontatry.sk/wp-content/uploads/2018/10/tim-1024x478.jpg" alt="" data-id="6086" data-link="https://regiontatry.sk/lyzovanie/stary-smokovec/tim/" class="wp-image-6086" srcset="https://regiontatry.sk/wp-content/uploads/2018/10/tim-1024x478.jpg 1024w, https://regiontatry.sk/wp-content/uploads/2018/10/tim-300x140.jpg 300w, https://regiontatry.sk/wp-content/uploads/2018/10/tim-768x358.jpg 768w, https://regiontatry.sk/wp-content/uploads/2018/10/tim.jpg 1500w" sizes="(max-width: 1024px) 100vw, 1024px" /></figure></li></ul>



<p>Šikovní sochári a umelci budú pracovať s 50-timi tonami ľadu na rôznych motívoch a témach, ktoré vdýchnu do impozantných sôch. V prvý deň budú mať sochári za úlohu pripraviť ľadové sochy&nbsp;v téme&nbsp;<strong>&#8220;Zachráňme našu planétu&#8221;</strong>. V druhom dni podujatia čaká sochárov téma&nbsp;<strong>&#8220;Rozprávkový svet mojimi očami&#8221;</strong>, a teda bude len na nich, čím verejnosť&nbsp;či porotu presvedčia. Ľadové sochy, ktoré počas dňa umelci vytvoria,&nbsp;budú od zotmenia nasvietené, čím sa umocní dizajn a krása jednotlivých sôch. Jednu časť sôch budú ľadoví rezbári vytvárať popri budove lanovky a druhá bude umiestnená v druhej kupole vedľa&nbsp;<a href="https://www.vt.sk/zazitky/eventy/tatransky-dom-19/20">Tatranského ľadového Dómu</a>. Sochy umiestnené v kupole &#8211;&nbsp;<strong>Galéria ľadových majstrov</strong>&nbsp;bude v prevádzke až do skončenia zimnej sezóny, resp. do konca apríla&nbsp;2020. Druhá časť sôch bude ponechaná na otvorenom priestranstve, kým ich počasie neroztopí.&nbsp;</p>



<p>Do hlasovania o najlepší tím z 10 krajín sveta sa môžete zapojiť aj vy! V každej našej prevádzke, či pokladni, dostanete k nákupu hlasovací lístok, ktorý môžete vyplnený vložiť do hlasovacej urny. Tá bude umiestnená na pódiu na Hrebienku. Vyplneným hlasovacím lístkom a zapojením sa do súťaže, môžete získať skvelé ceny!&nbsp;</p>



<p><strong>ZMENA V PROGRAME</strong></p>



<p><strong>Dňa 18.01.2020 na podujatí Tatry Ice Master zo zdravotných dôvodov Sima Martausová nevystúpi. V hudobnom vystúpení ju nahradí famózna speváčka a víťazka Superstar EMMA DROBNÁ.</strong></p>



<p>Podujatie&nbsp;Tatry Ice Master&nbsp;bude sprevádzať aj bohatý sprievodný program. Počas dňa na vás budú čakať rôzne hry, či súťaže o zaujímavé ceny. Hneď v sobotu večer, keď utíchne zvuk motorových píl, sa Vám popri nádherne rozsvietených ľadových sochách predvedie&nbsp;<strong>EMMA DROBNÁ</strong>.&nbsp;Jej predkapelou bude&nbsp;<strong>kapela 2 VOISIS</strong>, ktorá je čerstvým víťazom Košického zlatého pokladu. V nedeľu večer sa na pódiu vystrieda famózny&nbsp;<strong>ADAM ĎURICA</strong>.&nbsp;Po predstavení hudobných umelcov, Vás v oba dni čaká&nbsp;ľadovo &#8211; ohňová show&nbsp;v podaní dvoch sochárskych tímov.</p>



<figure class="wp-block-image"><img loading="lazy" decoding="async" width="730" height="176" src="https://regiontatry.sk/wp-content/uploads/2018/10/c-Marek-Hajkovsky-foto-TIM-2018_153_730-730x176.jpg" alt="" class="wp-image-7591" srcset="https://regiontatry.sk/wp-content/uploads/2018/10/c-Marek-Hajkovsky-foto-TIM-2018_153_730-730x176.jpg 730w, https://regiontatry.sk/wp-content/uploads/2018/10/c-Marek-Hajkovsky-foto-TIM-2018_153_730-730x176-300x72.jpg 300w, https://regiontatry.sk/wp-content/uploads/2018/10/c-Marek-Hajkovsky-foto-TIM-2018_153_730-730x176-698x168.jpg 698w, https://regiontatry.sk/wp-content/uploads/2018/10/c-Marek-Hajkovsky-foto-TIM-2018_153_730-730x176-552x133.jpg 552w" sizes="(max-width: 730px) 100vw, 730px" /></figure>



<div style="height:100px" aria-hidden="true" class="wp-block-spacer"></div>



<p><iframe loading="lazy" width="100%" height="550" src="https://www.youtube.com/embed/5fJk9OEyCLQ" frameborder="0" allow="accelerometer; autoplay; encrypted-media; gyroscope; picture-in-picture" allowfullscreen=""></iframe></p>



<div style="height:100px" aria-hidden="true" class="wp-block-spacer"></div>



<p><strong>Finálne návrhy sochárov z 10 krajín sveta, ktorí&nbsp;postúpili do finálne a ich tvorbu budete môcť vidieť naživo už 18. a 19. januára 2020 na Hrebienku</strong></p>



<h3 class="wp-block-heading"><strong>Finálne návrhy sochárskych&nbsp;tímov</strong></h3>



<iframe loading="lazy" src="https://regiontatry.sk/wp-content/uploads/2020/01/NAKRESY_TOP_TEN_TIM_2020.pdf" width="100%" height="1200"></iframe>



<div style="height:100px" aria-hidden="true" class="wp-block-spacer"></div>



<p><strong>Realizované s&nbsp;finančnou podporou Ministerstva dopravy a&nbsp;výstavy Slovenskej republiky.</strong></p>

<p>Ľadová krása už má svoje miesto &#8211;&nbsp;od 18. do 19. januára 2020 ním bude vysokotatranský&nbsp;Hrebienok, a to vďaka 8. ročníku už tradičného podujatia&nbsp;TATRY ICE MASTER. Počas dvoch dní ľadoví sochári z desiatich krajín sveta vdýchnu život 50-tim tonám ľadu a premenia ich na 35 unikátnych ľadových sôch. Počas podujatia bude pre vás pripravený bohatý sprievodný [&hellip;]</p>

Hrebienok<br />
Starý Smokovec
