{"version":"1.0","provider_name":"Regi\u00f3n Vysok\u00e9 Tatry","provider_url":"https:\/\/regiontatry.sk\/hu\/","title":"Kar\u00e1csonyi v\u00e1s\u00e1rok Magas T\u00e1tra r\u00e9gi\u00f3ban - Regi\u00f3n Vysok\u00e9 Tatry","type":"rich","width":600,"height":338,"html":"<blockquote class=\"wp-embedded-content\" data-secret=\"1sZqunX15E\"><a href=\"https:\/\/regiontatry.sk\/hu\/karacsonyi-vasarok-magas-tatra-regioban\/\">Kar\u00e1csonyi v\u00e1s\u00e1rok Magas T\u00e1tra r\u00e9gi\u00f3ban<\/a><\/blockquote><iframe sandbox=\"allow-scripts\" security=\"restricted\" src=\"https:\/\/regiontatry.sk\/hu\/karacsonyi-vasarok-magas-tatra-regioban\/embed\/#?secret=1sZqunX15E\" width=\"600\" height=\"338\" title=\"&#8220;Kar\u00e1csonyi v\u00e1s\u00e1rok Magas T\u00e1tra r\u00e9gi\u00f3ban&#8221; &#8212; Regi\u00f3n Vysok\u00e9 Tatry\" data-secret=\"1sZqunX15E\" frameborder=\"0\" marginwidth=\"0\" marginheight=\"0\" scrolling=\"no\" class=\"wp-embedded-content\"><\/iframe><script type=\"text\/javascript\">\n\/* <![CDATA[ *\/\n\/*! This file is auto-generated *\/\n!function(d,l){\"use strict\";l.querySelector&&d.addEventListener&&\"undefined\"!=typeof URL&&(d.wp=d.wp||{},d.wp.receiveEmbedMessage||(d.wp.receiveEmbedMessage=function(e){var t=e.data;if((t||t.secret||t.message||t.value)&&!\/[^a-zA-Z0-9]\/.test(t.secret)){for(var s,r,n,a=l.querySelectorAll('iframe[data-secret=\"'+t.secret+'\"]'),o=l.querySelectorAll('blockquote[data-secret=\"'+t.secret+'\"]'),c=new RegExp(\"^https?:$\",\"i\"),i=0;i<o.length;i++)o[i].style.display=\"none\";for(i=0;i<a.length;i++)s=a[i],e.source===s.contentWindow&&(s.removeAttribute(\"style\"),\"height\"===t.message?(1e3<(r=parseInt(t.value,10))?r=1e3:~~r<200&&(r=200),s.height=r):\"link\"===t.message&&(r=new URL(s.getAttribute(\"src\")),n=new URL(t.value),c.test(n.protocol))&&n.host===r.host&&l.activeElement===s&&(d.top.location.href=t.value))}},d.addEventListener(\"message\",d.wp.receiveEmbedMessage,!1),l.addEventListener(\"DOMContentLoaded\",function(){for(var e,t,s=l.querySelectorAll(\"iframe.wp-embedded-content\"),r=0;r<s.length;r++)(t=(e=s[r]).getAttribute(\"data-secret\"))||(t=Math.random().toString(36).substring(2,12),e.src+=\"#?secret=\"+t,e.setAttribute(\"data-secret\",t)),e.contentWindow.postMessage({message:\"ready\",secret:t},\"*\")},!1)))}(window,document);\n\/* ]]> *\/\n<\/script>\n","thumbnail_url":"https:\/\/regiontatry.sk\/wp-content\/uploads\/2025\/11\/Mesto-Poprad-vianoce-scaled.jpg","thumbnail_width":2560,"thumbnail_height":1438,"description":"Kar\u00e1csonyi v\u00e1s\u00e1rok Magas T\u00e1tra r\u00e9gi\u00f3ban A hagyom\u00e1nyosKar\u00e1csonyi v\u00e1s\u00e1rXXII. \u00e9vfolyama Popr\u00e1dban a Szt. Egyed F\u0151t\u00e9ren 2025. december 5.-t\u0151l 21.-ig zajlik. Id\u00e9n a kar\u00e1csonyi v\u00e1s\u00e1rok id\u0151tartama eg\u00e9szen 16 napra hosszabbodik meg \u00e9s a hazai \u00e9s k\u00fclf\u00f6ldi l\u00e1togat\u00f3k 60 kar\u00e1csonyi d\u00edsz\u00edt\u00e9s\u0171 fab\u00f3d\u00e9nak \u00f6rvendhetnek, amelyekben a l\u00e1togat\u00f3k kar\u00e1csonyi t\u00e9m\u00e1j\u00fa term\u00e9kekre tal\u00e1lnak eg\u00e9sz Szlov\u00e1ki\u00e1b\u00f3l \u00e9rkez\u0151 elad\u00f3kt\u00f3l, friss\u00edt\u0151k \u00e9s meleg italok [&hellip;]"}

Región Vysoké Tatry

Karácsonyi vásárok Magas Tátra régióban - Región Vysoké Tatry

<blockquote class="wp-embedded-content" data-secret="1sZqunX15E"><a href="https://regiontatry.sk/hu/karacsonyi-vasarok-magas-tatra-regioban/">Karácsonyi vásárok Magas Tátra régióban</a></blockquote><iframe sandbox="allow-scripts" security="restricted" src="https://regiontatry.sk/hu/karacsonyi-vasarok-magas-tatra-regioban/embed/#?secret=1sZqunX15E" width="600" height="338" title="&#8220;Karácsonyi vásárok Magas Tátra régióban&#8221; &#8212; Región Vysoké Tatry" data-secret="1sZqunX15E" frameborder="0" marginwidth="0" marginheight="0" scrolling="no" class="wp-embedded-content"></iframe><script type="text/javascript">
/* <![CDATA[ */
/*! This file is auto-generated */
!function(d,l){"use strict";l.querySelector&&d.addEventListener&&"undefined"!=typeof URL&&(d.wp=d.wp||{},d.wp.receiveEmbedMessage||(d.wp.receiveEmbedMessage=function(e){var t=e.data;if((t||t.secret||t.message||t.value)&&!/[^a-zA-Z0-9]/.test(t.secret)){for(var s,r,n,a=l.querySelectorAll('iframe[data-secret="'+t.secret+'"]'),o=l.querySelectorAll('blockquote[data-secret="'+t.secret+'"]'),c=new RegExp("^https?:$","i"),i=0;i<o.length;i++)o[i].style.display="none";for(i=0;i<a.length;i++)s=a[i],e.source===s.contentWindow&&(s.removeAttribute("style"),"height"===t.message?(1e3<(r=parseInt(t.value,10))?r=1e3:~~r<200&&(r=200),s.height=r):"link"===t.message&&(r=new URL(s.getAttribute("src")),n=new URL(t.value),c.test(n.protocol))&&n.host===r.host&&l.activeElement===s&&(d.top.location.href=t.value))}},d.addEventListener("message",d.wp.receiveEmbedMessage,!1),l.addEventListener("DOMContentLoaded",function(){for(var e,t,s=l.querySelectorAll("iframe.wp-embedded-content"),r=0;r<s.length;r++)(t=(e=s[r]).getAttribute("data-secret"))||(t=Math.random().toString(36).substring(2,12),e.src+="#?secret="+t,e.setAttribute("data-secret",t)),e.contentWindow.postMessage({message:"ready",secret:t},"*")},!1)))}(window,document);
/* ]]> */
</script>

Karácsonyi vásárok Magas Tátra régióban A hagyományosKarácsonyi vásárXXII. évfolyama Poprádban a Szt. Egyed Főtéren 2025. december 5.-től 21.-ig zajlik. Idén a karácsonyi vásárok időtartama egészen 16 napra hosszabbodik meg és a hazai és külföldi látogatók 60 karácsonyi díszítésű fabódénak örvendhetnek, amelyekben a látogatók karácsonyi témájú termékekre találnak egész Szlovákiából érkező eladóktól, frissítők és meleg italok [&hellip;]
