{"version":"1.0","provider_name":"Regi\u00f3n Vysok\u00e9 Tatry","provider_url":"https:\/\/regiontatry.sk\/pl\/","title":"Ako sme sa vzdel\u00e1vali v roku 2019 - Regi\u00f3n Vysok\u00e9 Tatry","type":"rich","width":600,"height":338,"html":"<blockquote class=\"wp-embedded-content\" data-secret=\"914JrfFu9t\"><a href=\"https:\/\/regiontatry.sk\/pl\/ako-sme-sa-vzdelavali-v-roku-2019\/\">Ako sme sa vzdel\u00e1vali v roku 2019<\/a><\/blockquote><iframe sandbox=\"allow-scripts\" security=\"restricted\" src=\"https:\/\/regiontatry.sk\/pl\/ako-sme-sa-vzdelavali-v-roku-2019\/embed\/#?secret=914JrfFu9t\" width=\"600\" height=\"338\" title=\"&#8222;Ako sme sa vzdel\u00e1vali v roku 2019&#8221; &#8212; Regi\u00f3n Vysok\u00e9 Tatry\" data-secret=\"914JrfFu9t\" frameborder=\"0\" marginwidth=\"0\" marginheight=\"0\" scrolling=\"no\" class=\"wp-embedded-content\"><\/iframe><script type=\"text\/javascript\">\n\/* <![CDATA[ *\/\n\/*! This file is auto-generated *\/\n!function(d,l){\"use strict\";l.querySelector&&d.addEventListener&&\"undefined\"!=typeof URL&&(d.wp=d.wp||{},d.wp.receiveEmbedMessage||(d.wp.receiveEmbedMessage=function(e){var t=e.data;if((t||t.secret||t.message||t.value)&&!\/[^a-zA-Z0-9]\/.test(t.secret)){for(var s,r,n,a=l.querySelectorAll('iframe[data-secret=\"'+t.secret+'\"]'),o=l.querySelectorAll('blockquote[data-secret=\"'+t.secret+'\"]'),c=new RegExp(\"^https?:$\",\"i\"),i=0;i<o.length;i++)o[i].style.display=\"none\";for(i=0;i<a.length;i++)s=a[i],e.source===s.contentWindow&&(s.removeAttribute(\"style\"),\"height\"===t.message?(1e3<(r=parseInt(t.value,10))?r=1e3:~~r<200&&(r=200),s.height=r):\"link\"===t.message&&(r=new URL(s.getAttribute(\"src\")),n=new URL(t.value),c.test(n.protocol))&&n.host===r.host&&l.activeElement===s&&(d.top.location.href=t.value))}},d.addEventListener(\"message\",d.wp.receiveEmbedMessage,!1),l.addEventListener(\"DOMContentLoaded\",function(){for(var e,t,s=l.querySelectorAll(\"iframe.wp-embedded-content\"),r=0;r<s.length;r++)(t=(e=s[r]).getAttribute(\"data-secret\"))||(t=Math.random().toString(36).substring(2,12),e.src+=\"#?secret=\"+t,e.setAttribute(\"data-secret\",t)),e.contentWindow.postMessage({message:\"ready\",secret:t},\"*\")},!1)))}(window,document);\n\/* ]]> *\/\n<\/script>\n","thumbnail_url":"https:\/\/regiontatry.sk\/wp-content\/uploads\/2020\/01\/715ccca6-fe9c-4d0e-a29d-d408de8ef6e1.jpg","thumbnail_width":1200,"thumbnail_height":900,"description":"Oblastn\u00e1 organiz\u00e1cia cestovn\u00e9ho ruchu Regi\u00f3n Vysok\u00e9 Tatry a Zdru\u017eenie cestovn\u00e9ho ruchu Vysok\u00e9 Tatry s&nbsp;finan\u010dnou podporou Ministerstva dopravy a&nbsp;v\u00fdstavby Slovenskej republiky usporiadali v&nbsp;roku 2019 nieko\u013eko zauj\u00edmav\u00fdch vzdel\u00e1vac\u00edch aktiv\u00edt pre podnikate\u013eov, z\u00e1ujemcov o&nbsp;pr\u00e1cu \u010di samotn\u00fdch pracovn\u00edkov. Po vydaren\u00fdch&nbsp;ra\u0148ajk\u00e1ch so zamestn\u00e1vate\u013eom d\u0148a&nbsp;3.4.2019, kde sa preberali t\u00e9my od v\u00fdvoja nezamestnanosti cez akt\u00edvne opatrenia na trhu pr\u00e1ce a\u017e po praktick\u00e9 [&hellip;]"}

Región Vysoké Tatry

Ako sme sa vzdelávali v roku 2019 - Región Vysoké Tatry

<blockquote class="wp-embedded-content" data-secret="914JrfFu9t"><a href="https://regiontatry.sk/pl/ako-sme-sa-vzdelavali-v-roku-2019/">Ako sme sa vzdelávali v roku 2019</a></blockquote><iframe sandbox="allow-scripts" security="restricted" src="https://regiontatry.sk/pl/ako-sme-sa-vzdelavali-v-roku-2019/embed/#?secret=914JrfFu9t" width="600" height="338" title="&#8222;Ako sme sa vzdelávali v roku 2019&#8221; &#8212; Región Vysoké Tatry" data-secret="914JrfFu9t" frameborder="0" marginwidth="0" marginheight="0" scrolling="no" class="wp-embedded-content"></iframe><script type="text/javascript">
/* <![CDATA[ */
/*! This file is auto-generated */
!function(d,l){"use strict";l.querySelector&&d.addEventListener&&"undefined"!=typeof URL&&(d.wp=d.wp||{},d.wp.receiveEmbedMessage||(d.wp.receiveEmbedMessage=function(e){var t=e.data;if((t||t.secret||t.message||t.value)&&!/[^a-zA-Z0-9]/.test(t.secret)){for(var s,r,n,a=l.querySelectorAll('iframe[data-secret="'+t.secret+'"]'),o=l.querySelectorAll('blockquote[data-secret="'+t.secret+'"]'),c=new RegExp("^https?:$","i"),i=0;i<o.length;i++)o[i].style.display="none";for(i=0;i<a.length;i++)s=a[i],e.source===s.contentWindow&&(s.removeAttribute("style"),"height"===t.message?(1e3<(r=parseInt(t.value,10))?r=1e3:~~r<200&&(r=200),s.height=r):"link"===t.message&&(r=new URL(s.getAttribute("src")),n=new URL(t.value),c.test(n.protocol))&&n.host===r.host&&l.activeElement===s&&(d.top.location.href=t.value))}},d.addEventListener("message",d.wp.receiveEmbedMessage,!1),l.addEventListener("DOMContentLoaded",function(){for(var e,t,s=l.querySelectorAll("iframe.wp-embedded-content"),r=0;r<s.length;r++)(t=(e=s[r]).getAttribute("data-secret"))||(t=Math.random().toString(36).substring(2,12),e.src+="#?secret="+t,e.setAttribute("data-secret",t)),e.contentWindow.postMessage({message:"ready",secret:t},"*")},!1)))}(window,document);
/* ]]> */
</script>

Oblastná organizácia cestovného ruchu Región Vysoké Tatry a Združenie cestovného ruchu Vysoké Tatry s&nbsp;finančnou podporou Ministerstva dopravy a&nbsp;výstavby Slovenskej republiky usporiadali v&nbsp;roku 2019 niekoľko zaujímavých vzdelávacích aktivít pre podnikateľov, záujemcov o&nbsp;prácu či samotných pracovníkov. Po vydarených&nbsp;raňajkách so zamestnávateľom dňa&nbsp;3.4.2019, kde sa preberali témy od vývoja nezamestnanosti cez aktívne opatrenia na trhu práce až po praktické [&hellip;]
