{"version":"1.0","provider_name":"Regi\u00f3n Vysok\u00e9 Tatry","provider_url":"https:\/\/regiontatry.sk\/pl\/","title":"Ve\u013ekono\u010dn\u00e9 meste\u010dko a Jarn\u00e9 Smokoveck\u00e9 trhy - Regi\u00f3n Vysok\u00e9 Tatry","type":"rich","width":600,"height":338,"html":"<blockquote class=\"wp-embedded-content\" data-secret=\"PF5CE0u4p6\"><a href=\"https:\/\/regiontatry.sk\/pl\/event\/velkonocne-mestecko-a-jarne-smokovecke-trhy\/\">Ve\u013ekono\u010dn\u00e9 meste\u010dko a Jarn\u00e9 Smokoveck\u00e9 trhy<\/a><\/blockquote><iframe sandbox=\"allow-scripts\" security=\"restricted\" src=\"https:\/\/regiontatry.sk\/pl\/event\/velkonocne-mestecko-a-jarne-smokovecke-trhy\/embed\/#?secret=PF5CE0u4p6\" width=\"600\" height=\"338\" title=\"&#8222;Ve\u013ekono\u010dn\u00e9 meste\u010dko a Jarn\u00e9 Smokoveck\u00e9 trhy&#8221; &#8212; Regi\u00f3n Vysok\u00e9 Tatry\" data-secret=\"PF5CE0u4p6\" frameborder=\"0\" marginwidth=\"0\" marginheight=\"0\" scrolling=\"no\" class=\"wp-embedded-content\"><\/iframe><script type=\"text\/javascript\">\n\/* <![CDATA[ *\/\n\/*! This file is auto-generated *\/\n!function(d,l){\"use strict\";l.querySelector&&d.addEventListener&&\"undefined\"!=typeof URL&&(d.wp=d.wp||{},d.wp.receiveEmbedMessage||(d.wp.receiveEmbedMessage=function(e){var t=e.data;if((t||t.secret||t.message||t.value)&&!\/[^a-zA-Z0-9]\/.test(t.secret)){for(var s,r,n,a=l.querySelectorAll('iframe[data-secret=\"'+t.secret+'\"]'),o=l.querySelectorAll('blockquote[data-secret=\"'+t.secret+'\"]'),c=new RegExp(\"^https?:$\",\"i\"),i=0;i<o.length;i++)o[i].style.display=\"none\";for(i=0;i<a.length;i++)s=a[i],e.source===s.contentWindow&&(s.removeAttribute(\"style\"),\"height\"===t.message?(1e3<(r=parseInt(t.value,10))?r=1e3:~~r<200&&(r=200),s.height=r):\"link\"===t.message&&(r=new URL(s.getAttribute(\"src\")),n=new URL(t.value),c.test(n.protocol))&&n.host===r.host&&l.activeElement===s&&(d.top.location.href=t.value))}},d.addEventListener(\"message\",d.wp.receiveEmbedMessage,!1),l.addEventListener(\"DOMContentLoaded\",function(){for(var e,t,s=l.querySelectorAll(\"iframe.wp-embedded-content\"),r=0;r<s.length;r++)(t=(e=s[r]).getAttribute(\"data-secret\"))||(t=Math.random().toString(36).substring(2,12),e.src+=\"#?secret=\"+t,e.setAttribute(\"data-secret\",t)),e.contentWindow.postMessage({message:\"ready\",secret:t},\"*\")},!1)))}(window,document);\n\/* ]]> *\/\n<\/script>\n","thumbnail_url":"https:\/\/regiontatry.sk\/wp-content\/uploads\/2019\/04\/Jarne-smokovecke-trhy_Velkonocne-mestecko-2019.jpg","thumbnail_width":3570,"thumbnail_height":5073,"description":"Podujatie pre Tatrancov i\u00a0n\u00e1v\u0161tevn\u00edkov Tatier! Po\u010das Ve\u013ekej noci sa v\u00a0Starom Smokovci uskuto\u010dnia Jarn\u00e9 smokoveck\u00e9 trhy, ktor\u00fdch s\u00fa\u010das\u0165ou bude aj Ve\u013ekono\u010dn\u00e9 meste\u010dko. V\u00a0r\u00e1mci trojd\u0148ov\u00e9ho podujatia sa predstavia umelci a remeseln\u00edci, bud\u00fa sa kona\u0165 viacer\u00e9 sprievodn\u00e9 podujatia a\u00a0uskuto\u010dn\u00ed sa aj \u017eiv\u00e9 hudobn\u00e9 vyst\u00fapenie. S\u00fa\u010das\u0165ou trhov s\u00fa tie\u017e ve\u010dern\u00e9 kult\u00farne podujatia \u2013\u00a0cyklus \u0161yroch moderovan\u00fdch ve\u010derov. Jarn\u00e9 smokoveck\u00e9 trhy [&hellip;]"}

Región Vysoké Tatry

Veľkonočné mestečko a Jarné Smokovecké trhy - Región Vysoké Tatry

<blockquote class="wp-embedded-content" data-secret="PF5CE0u4p6"><a href="https://regiontatry.sk/pl/event/velkonocne-mestecko-a-jarne-smokovecke-trhy/">Veľkonočné mestečko a Jarné Smokovecké trhy</a></blockquote><iframe sandbox="allow-scripts" security="restricted" src="https://regiontatry.sk/pl/event/velkonocne-mestecko-a-jarne-smokovecke-trhy/embed/#?secret=PF5CE0u4p6" width="600" height="338" title="&#8222;Veľkonočné mestečko a Jarné Smokovecké trhy&#8221; &#8212; Región Vysoké Tatry" data-secret="PF5CE0u4p6" frameborder="0" marginwidth="0" marginheight="0" scrolling="no" class="wp-embedded-content"></iframe><script type="text/javascript">
/* <![CDATA[ */
/*! This file is auto-generated */
!function(d,l){"use strict";l.querySelector&&d.addEventListener&&"undefined"!=typeof URL&&(d.wp=d.wp||{},d.wp.receiveEmbedMessage||(d.wp.receiveEmbedMessage=function(e){var t=e.data;if((t||t.secret||t.message||t.value)&&!/[^a-zA-Z0-9]/.test(t.secret)){for(var s,r,n,a=l.querySelectorAll('iframe[data-secret="'+t.secret+'"]'),o=l.querySelectorAll('blockquote[data-secret="'+t.secret+'"]'),c=new RegExp("^https?:$","i"),i=0;i<o.length;i++)o[i].style.display="none";for(i=0;i<a.length;i++)s=a[i],e.source===s.contentWindow&&(s.removeAttribute("style"),"height"===t.message?(1e3<(r=parseInt(t.value,10))?r=1e3:~~r<200&&(r=200),s.height=r):"link"===t.message&&(r=new URL(s.getAttribute("src")),n=new URL(t.value),c.test(n.protocol))&&n.host===r.host&&l.activeElement===s&&(d.top.location.href=t.value))}},d.addEventListener("message",d.wp.receiveEmbedMessage,!1),l.addEventListener("DOMContentLoaded",function(){for(var e,t,s=l.querySelectorAll("iframe.wp-embedded-content"),r=0;r<s.length;r++)(t=(e=s[r]).getAttribute("data-secret"))||(t=Math.random().toString(36).substring(2,12),e.src+="#?secret="+t,e.setAttribute("data-secret",t)),e.contentWindow.postMessage({message:"ready",secret:t},"*")},!1)))}(window,document);
/* ]]> */
</script>

Podujatie pre Tatrancov i návštevníkov Tatier! Počas Veľkej noci sa v Starom Smokovci uskutočnia Jarné smokovecké trhy, ktorých súčasťou bude aj Veľkonočné mestečko. V rámci trojdňového podujatia sa predstavia umelci a remeselníci, budú sa konať viaceré sprievodné podujatia a uskutoční sa aj živé hudobné vystúpenie. Súčasťou trhov sú tiež večerné kultúrne podujatia – cyklus šyroch moderovaných večerov. Jarné smokovecké trhy [&hellip;]
