{"version":"1.0","provider_name":"Regi\u00f3n Vysok\u00e9 Tatry","provider_url":"https:\/\/regiontatry.sk\/pl\/","title":"Od 1.11. obowi\u0105zuje zimowe zamkni\u0119cie szlak\u00f3w turystycznych - Regi\u00f3n Vysok\u00e9 Tatry","type":"rich","width":600,"height":338,"html":"<blockquote class=\"wp-embedded-content\" data-secret=\"e53h4u9zkc\"><a href=\"https:\/\/regiontatry.sk\/pl\/od-1-11-obowiazuje-zimowe-zamkniecie-szlakow-turystycznych\/\">Od 1.11. obowi\u0105zuje zimowe zamkni\u0119cie szlak\u00f3w turystycznych<\/a><\/blockquote><iframe sandbox=\"allow-scripts\" security=\"restricted\" src=\"https:\/\/regiontatry.sk\/pl\/od-1-11-obowiazuje-zimowe-zamkniecie-szlakow-turystycznych\/embed\/#?secret=e53h4u9zkc\" width=\"600\" height=\"338\" title=\"&#8222;Od 1.11. obowi\u0105zuje zimowe zamkni\u0119cie szlak\u00f3w turystycznych&#8221; &#8212; Regi\u00f3n Vysok\u00e9 Tatry\" data-secret=\"e53h4u9zkc\" frameborder=\"0\" marginwidth=\"0\" marginheight=\"0\" scrolling=\"no\" class=\"wp-embedded-content\"><\/iframe><script type=\"text\/javascript\">\n\/* <![CDATA[ *\/\n\/*! This file is auto-generated *\/\n!function(d,l){\"use strict\";l.querySelector&&d.addEventListener&&\"undefined\"!=typeof URL&&(d.wp=d.wp||{},d.wp.receiveEmbedMessage||(d.wp.receiveEmbedMessage=function(e){var t=e.data;if((t||t.secret||t.message||t.value)&&!\/[^a-zA-Z0-9]\/.test(t.secret)){for(var s,r,n,a=l.querySelectorAll('iframe[data-secret=\"'+t.secret+'\"]'),o=l.querySelectorAll('blockquote[data-secret=\"'+t.secret+'\"]'),c=new RegExp(\"^https?:$\",\"i\"),i=0;i<o.length;i++)o[i].style.display=\"none\";for(i=0;i<a.length;i++)s=a[i],e.source===s.contentWindow&&(s.removeAttribute(\"style\"),\"height\"===t.message?(1e3<(r=parseInt(t.value,10))?r=1e3:~~r<200&&(r=200),s.height=r):\"link\"===t.message&&(r=new URL(s.getAttribute(\"src\")),n=new URL(t.value),c.test(n.protocol))&&n.host===r.host&&l.activeElement===s&&(d.top.location.href=t.value))}},d.addEventListener(\"message\",d.wp.receiveEmbedMessage,!1),l.addEventListener(\"DOMContentLoaded\",function(){for(var e,t,s=l.querySelectorAll(\"iframe.wp-embedded-content\"),r=0;r<s.length;r++)(t=(e=s[r]).getAttribute(\"data-secret\"))||(t=Math.random().toString(36).substring(2,12),e.src+=\"#?secret=\"+t,e.setAttribute(\"data-secret\",t)),e.contentWindow.postMessage({message:\"ready\",secret:t},\"*\")},!1)))}(window,document);\n\/* ]]> *\/\n<\/script>\n","thumbnail_url":"https:\/\/regiontatry.sk\/wp-content\/uploads\/2020\/11\/34-1024x680.jpg","thumbnail_width":1024,"thumbnail_height":680,"description":"Od 1 listopada 2022 r. zacz\u0119\u0142o obowi\u0105zywa\u0107 sezonowe zamkni\u0119cie wybranych fragment\u00f3w szlak\u00f3w g\u00f3rskich.\u00a0W tym czasie przyroda i zwierz\u0119ta korzystaj\u0105 z zimowego wypoczynku. Zamkni\u0119te s\u0105 przede wszystkim wy\u017cej po\u0142o\u017cone szlaki, prze\u0142\u0119cze i szczyty. Wszystkie szlaki prowadz\u0105ce do schronisk g\u00f3rskich s\u0105 jednak otwarte (z wyj\u0105tkiem Schroniska pod Rysami). Gdzie zatem mo\u017cna si\u0119 wybra\u0107? Turystyka zimowa\u00a0r\u00f3\u017cni si\u0119 oczywi\u015bcie [&hellip;]"}

Región Vysoké Tatry

Od 1.11. obowiązuje zimowe zamknięcie szlaków turystycznych - Región Vysoké Tatry

<blockquote class="wp-embedded-content" data-secret="e53h4u9zkc"><a href="https://regiontatry.sk/pl/od-1-11-obowiazuje-zimowe-zamkniecie-szlakow-turystycznych/">Od 1.11. obowiązuje zimowe zamknięcie szlaków turystycznych</a></blockquote><iframe sandbox="allow-scripts" security="restricted" src="https://regiontatry.sk/pl/od-1-11-obowiazuje-zimowe-zamkniecie-szlakow-turystycznych/embed/#?secret=e53h4u9zkc" width="600" height="338" title="&#8222;Od 1.11. obowiązuje zimowe zamknięcie szlaków turystycznych&#8221; &#8212; Región Vysoké Tatry" data-secret="e53h4u9zkc" frameborder="0" marginwidth="0" marginheight="0" scrolling="no" class="wp-embedded-content"></iframe><script type="text/javascript">
/* <![CDATA[ */
/*! This file is auto-generated */
!function(d,l){"use strict";l.querySelector&&d.addEventListener&&"undefined"!=typeof URL&&(d.wp=d.wp||{},d.wp.receiveEmbedMessage||(d.wp.receiveEmbedMessage=function(e){var t=e.data;if((t||t.secret||t.message||t.value)&&!/[^a-zA-Z0-9]/.test(t.secret)){for(var s,r,n,a=l.querySelectorAll('iframe[data-secret="'+t.secret+'"]'),o=l.querySelectorAll('blockquote[data-secret="'+t.secret+'"]'),c=new RegExp("^https?:$","i"),i=0;i<o.length;i++)o[i].style.display="none";for(i=0;i<a.length;i++)s=a[i],e.source===s.contentWindow&&(s.removeAttribute("style"),"height"===t.message?(1e3<(r=parseInt(t.value,10))?r=1e3:~~r<200&&(r=200),s.height=r):"link"===t.message&&(r=new URL(s.getAttribute("src")),n=new URL(t.value),c.test(n.protocol))&&n.host===r.host&&l.activeElement===s&&(d.top.location.href=t.value))}},d.addEventListener("message",d.wp.receiveEmbedMessage,!1),l.addEventListener("DOMContentLoaded",function(){for(var e,t,s=l.querySelectorAll("iframe.wp-embedded-content"),r=0;r<s.length;r++)(t=(e=s[r]).getAttribute("data-secret"))||(t=Math.random().toString(36).substring(2,12),e.src+="#?secret="+t,e.setAttribute("data-secret",t)),e.contentWindow.postMessage({message:"ready",secret:t},"*")},!1)))}(window,document);
/* ]]> */
</script>

Od 1 listopada 2022 r. zaczęło obowiązywać sezonowe zamknięcie wybranych fragmentów szlaków górskich. W tym czasie przyroda i zwierzęta korzystają z zimowego wypoczynku. Zamknięte są przede wszystkim wyżej położone szlaki, przełęcze i szczyty. Wszystkie szlaki prowadzące do schronisk górskich są jednak otwarte (z wyjątkiem Schroniska pod Rysami). Gdzie zatem można się wybrać? Turystyka zimowa różni się oczywiście [&hellip;]
