{"id":17333,"date":"2019-04-29T09:00:53","date_gmt":"2019-04-29T07:00:53","guid":{"rendered":"https:\/\/regiontatry.sk\/event\/tatranska-majovka\/"},"modified":"2019-05-02T11:11:48","modified_gmt":"2019-05-02T09:11:48","slug":"tatranska-majovka","status":"publish","type":"event","link":"https:\/\/regiontatry.sk\/pl\/event\/tatranska-majovka\/","title":{"rendered":"Tatransk\u00e1 m\u00e1jovka"},"content":{"rendered":"\n<h4 class=\"wp-block-heading\">M\u00e1jov\u00e9 v\u00edkendy v&nbsp;Tatr\u00e1ch!<\/h4>\n\n\n\n<p>RETRO prvom\u00e1jov\u00fd sprievod, Tatransk\u00fd maj\u00e1les, retro elektri\u010dka, \u0161portov\u00e9 podujatia, vernis\u00e1\u017ee, turistika, ve\u013ea z\u00e1bavy i&nbsp;t\u00fdch najkraj\u0161\u00edch v\u00fdh\u013eadov&#8230;<br><br><\/p>\n\n\n\n<figure class=\"wp-block-image\"><img loading=\"lazy\" decoding=\"async\" width=\"725\" height=\"1024\" src=\"https:\/\/regiontatry.sk\/wp-content\/uploads\/2019\/04\/1.ma\u0301j_jpg-725x1024.jpg\" alt=\"\" class=\"wp-image-17288\" srcset=\"https:\/\/regiontatry.sk\/wp-content\/uploads\/2019\/04\/1.ma\u0301j_jpg-725x1024.jpg 725w, https:\/\/regiontatry.sk\/wp-content\/uploads\/2019\/04\/1.ma\u0301j_jpg-212x300.jpg 212w, https:\/\/regiontatry.sk\/wp-content\/uploads\/2019\/04\/1.ma\u0301j_jpg-768x1085.jpg 768w, https:\/\/regiontatry.sk\/wp-content\/uploads\/2019\/04\/1.ma\u0301j_jpg-1920x2712.jpg 1920w, https:\/\/regiontatry.sk\/wp-content\/uploads\/2019\/04\/1.ma\u0301j_jpg-1705x2408.jpg 1705w, https:\/\/regiontatry.sk\/wp-content\/uploads\/2019\/04\/1.ma\u0301j_jpg-698x986.jpg 698w, https:\/\/regiontatry.sk\/wp-content\/uploads\/2019\/04\/1.ma\u0301j_jpg-552x780.jpg 552w\" sizes=\"(max-width: 725px) 100vw, 725px\" \/><\/figure>\n\n\n\n<figure class=\"wp-block-image\"><img loading=\"lazy\" decoding=\"async\" width=\"724\" height=\"1024\" src=\"https:\/\/regiontatry.sk\/wp-content\/uploads\/2019\/04\/Plaga\u0301t-1.-ma\u0301j-2019-mail-724x1024.jpg\" alt=\"\" class=\"wp-image-17299\" srcset=\"https:\/\/regiontatry.sk\/wp-content\/uploads\/2019\/04\/Plaga\u0301t-1.-ma\u0301j-2019-mail-724x1024.jpg 724w, https:\/\/regiontatry.sk\/wp-content\/uploads\/2019\/04\/Plaga\u0301t-1.-ma\u0301j-2019-mail-212x300.jpg 212w, https:\/\/regiontatry.sk\/wp-content\/uploads\/2019\/04\/Plaga\u0301t-1.-ma\u0301j-2019-mail-768x1086.jpg 768w, https:\/\/regiontatry.sk\/wp-content\/uploads\/2019\/04\/Plaga\u0301t-1.-ma\u0301j-2019-mail-698x987.jpg 698w, https:\/\/regiontatry.sk\/wp-content\/uploads\/2019\/04\/Plaga\u0301t-1.-ma\u0301j-2019-mail-552x781.jpg 552w, https:\/\/regiontatry.sk\/wp-content\/uploads\/2019\/04\/Plaga\u0301t-1.-ma\u0301j-2019-mail.jpg 1100w\" sizes=\"(max-width: 724px) 100vw, 724px\" \/><\/figure>\n\n\n\n<figure class=\"wp-block-image\"><img loading=\"lazy\" decoding=\"async\" width=\"723\" height=\"1024\" src=\"https:\/\/regiontatry.sk\/wp-content\/uploads\/2019\/04\/majovka-k-723x1024.jpg\" alt=\"\" class=\"wp-image-17302\" srcset=\"https:\/\/regiontatry.sk\/wp-content\/uploads\/2019\/04\/majovka-k-723x1024.jpg 723w, https:\/\/regiontatry.sk\/wp-content\/uploads\/2019\/04\/majovka-k-212x300.jpg 212w, https:\/\/regiontatry.sk\/wp-content\/uploads\/2019\/04\/majovka-k-768x1087.jpg 768w, https:\/\/regiontatry.sk\/wp-content\/uploads\/2019\/04\/majovka-k-698x988.jpg 698w, https:\/\/regiontatry.sk\/wp-content\/uploads\/2019\/04\/majovka-k-552x781.jpg 552w, https:\/\/regiontatry.sk\/wp-content\/uploads\/2019\/04\/majovka-k.jpg 799w\" sizes=\"(max-width: 723px) 100vw, 723px\" \/><\/figure>\n\n\n\n<figure class=\"wp-block-image\"><img loading=\"lazy\" decoding=\"async\" width=\"724\" height=\"1024\" src=\"https:\/\/regiontatry.sk\/wp-content\/uploads\/2019\/04\/city-trail-2019-1-724x1024.png\" alt=\"\" class=\"wp-image-17305\" srcset=\"https:\/\/regiontatry.sk\/wp-content\/uploads\/2019\/04\/city-trail-2019-1-724x1024.png 724w, https:\/\/regiontatry.sk\/wp-content\/uploads\/2019\/04\/city-trail-2019-1-212x300.png 212w, https:\/\/regiontatry.sk\/wp-content\/uploads\/2019\/04\/city-trail-2019-1-768x1087.png 768w, https:\/\/regiontatry.sk\/wp-content\/uploads\/2019\/04\/city-trail-2019-1-698x988.png 698w, https:\/\/regiontatry.sk\/wp-content\/uploads\/2019\/04\/city-trail-2019-1-552x781.png 552w, https:\/\/regiontatry.sk\/wp-content\/uploads\/2019\/04\/city-trail-2019-1.png 824w\" sizes=\"(max-width: 724px) 100vw, 724px\" \/><\/figure>\n\n\n\n<figure class=\"wp-block-image\"><img loading=\"lazy\" decoding=\"async\" width=\"728\" height=\"1024\" src=\"https:\/\/regiontatry.sk\/wp-content\/uploads\/2019\/04\/plakat_svk-728x1024.jpg\" alt=\"\" class=\"wp-image-16683\" srcset=\"https:\/\/regiontatry.sk\/wp-content\/uploads\/2019\/04\/plakat_svk-728x1024.jpg 728w, https:\/\/regiontatry.sk\/wp-content\/uploads\/2019\/04\/plakat_svk-213x300.jpg 213w, https:\/\/regiontatry.sk\/wp-content\/uploads\/2019\/04\/plakat_svk-768x1080.jpg 768w, https:\/\/regiontatry.sk\/wp-content\/uploads\/2019\/04\/plakat_svk-698x981.jpg 698w, https:\/\/regiontatry.sk\/wp-content\/uploads\/2019\/04\/plakat_svk-552x776.jpg 552w, https:\/\/regiontatry.sk\/wp-content\/uploads\/2019\/04\/plakat_svk.jpg 1200w\" sizes=\"(max-width: 728px) 100vw, 728px\" \/><\/figure>\n\n\n\n<figure class=\"wp-block-image\"><img loading=\"lazy\" decoding=\"async\" width=\"724\" height=\"1024\" src=\"https:\/\/regiontatry.sk\/wp-content\/uploads\/2019\/04\/Otvorenie-vez\u030ce-kostola-724x1024.png\" alt=\"\" class=\"wp-image-17308\" srcset=\"https:\/\/regiontatry.sk\/wp-content\/uploads\/2019\/04\/Otvorenie-vez\u030ce-kostola-724x1024.png 724w, https:\/\/regiontatry.sk\/wp-content\/uploads\/2019\/04\/Otvorenie-vez\u030ce-kostola-212x300.png 212w, https:\/\/regiontatry.sk\/wp-content\/uploads\/2019\/04\/Otvorenie-vez\u030ce-kostola-768x1086.png 768w, https:\/\/regiontatry.sk\/wp-content\/uploads\/2019\/04\/Otvorenie-vez\u030ce-kostola-698x987.png 698w, https:\/\/regiontatry.sk\/wp-content\/uploads\/2019\/04\/Otvorenie-vez\u030ce-kostola-552x781.png 552w, https:\/\/regiontatry.sk\/wp-content\/uploads\/2019\/04\/Otvorenie-vez\u030ce-kostola.png 1000w\" sizes=\"(max-width: 724px) 100vw, 724px\" \/><\/figure>\n\n\n\n<figure class=\"wp-block-image\"><img loading=\"lazy\" decoding=\"async\" width=\"706\" height=\"1024\" src=\"https:\/\/regiontatry.sk\/wp-content\/uploads\/2019\/04\/Rallye_Tatry_plagat_NAHLAD-706x1024.jpg\" alt=\"\" class=\"wp-image-17311\" srcset=\"https:\/\/regiontatry.sk\/wp-content\/uploads\/2019\/04\/Rallye_Tatry_plagat_NAHLAD-706x1024.jpg 706w, https:\/\/regiontatry.sk\/wp-content\/uploads\/2019\/04\/Rallye_Tatry_plagat_NAHLAD-207x300.jpg 207w, https:\/\/regiontatry.sk\/wp-content\/uploads\/2019\/04\/Rallye_Tatry_plagat_NAHLAD-768x1114.jpg 768w, https:\/\/regiontatry.sk\/wp-content\/uploads\/2019\/04\/Rallye_Tatry_plagat_NAHLAD-698x1012.jpg 698w, https:\/\/regiontatry.sk\/wp-content\/uploads\/2019\/04\/Rallye_Tatry_plagat_NAHLAD-552x800.jpg 552w, https:\/\/regiontatry.sk\/wp-content\/uploads\/2019\/04\/Rallye_Tatry_plagat_NAHLAD.jpg 1222w\" sizes=\"(max-width: 706px) 100vw, 706px\" \/><\/figure>\n\n\n\n<figure class=\"wp-block-image\"><img loading=\"lazy\" decoding=\"async\" width=\"724\" height=\"1024\" src=\"https:\/\/regiontatry.sk\/wp-content\/uploads\/2019\/04\/Plaga\u0301t-pozvanka-na-vernisaz\u030c-JPG-1-724x1024.jpg\" alt=\"\" class=\"wp-image-17323\" srcset=\"https:\/\/regiontatry.sk\/wp-content\/uploads\/2019\/04\/Plaga\u0301t-pozvanka-na-vernisaz\u030c-JPG-1.jpg 724w, https:\/\/regiontatry.sk\/wp-content\/uploads\/2019\/04\/Plaga\u0301t-pozvanka-na-vernisaz\u030c-JPG-1-212x300.jpg 212w, https:\/\/regiontatry.sk\/wp-content\/uploads\/2019\/04\/Plaga\u0301t-pozvanka-na-vernisaz\u030c-JPG-1-698x987.jpg 698w, https:\/\/regiontatry.sk\/wp-content\/uploads\/2019\/04\/Plaga\u0301t-pozvanka-na-vernisaz\u030c-JPG-1-552x781.jpg 552w\" sizes=\"(max-width: 724px) 100vw, 724px\" \/><\/figure>\n\n\n\n<figure class=\"wp-block-image\"><img loading=\"lazy\" decoding=\"async\" width=\"595\" height=\"850\" src=\"https:\/\/regiontatry.sk\/wp-content\/uploads\/2019\/04\/Email-Invitation-July-Haluzova.jpg\" alt=\"\" class=\"wp-image-17314\" srcset=\"https:\/\/regiontatry.sk\/wp-content\/uploads\/2019\/04\/Email-Invitation-July-Haluzova.jpg 595w, https:\/\/regiontatry.sk\/wp-content\/uploads\/2019\/04\/Email-Invitation-July-Haluzova-210x300.jpg 210w, https:\/\/regiontatry.sk\/wp-content\/uploads\/2019\/04\/Email-Invitation-July-Haluzova-552x789.jpg 552w\" sizes=\"(max-width: 595px) 100vw, 595px\" \/><\/figure>\n\n\n\n<figure class=\"wp-block-image\"><img loading=\"lazy\" decoding=\"async\" width=\"724\" height=\"1024\" src=\"https:\/\/regiontatry.sk\/wp-content\/uploads\/2019\/04\/phj2019-skety-724x1024.jpg\" alt=\"\" class=\"wp-image-17317\" srcset=\"https:\/\/regiontatry.sk\/wp-content\/uploads\/2019\/04\/phj2019-skety-724x1024.jpg 724w, https:\/\/regiontatry.sk\/wp-content\/uploads\/2019\/04\/phj2019-skety-212x300.jpg 212w, https:\/\/regiontatry.sk\/wp-content\/uploads\/2019\/04\/phj2019-skety-768x1086.jpg 768w, https:\/\/regiontatry.sk\/wp-content\/uploads\/2019\/04\/phj2019-skety-698x987.jpg 698w, https:\/\/regiontatry.sk\/wp-content\/uploads\/2019\/04\/phj2019-skety-552x781.jpg 552w, https:\/\/regiontatry.sk\/wp-content\/uploads\/2019\/04\/phj2019-skety.jpg 1500w\" sizes=\"(max-width: 724px) 100vw, 724px\" \/><\/figure>\n\n\n\n<figure class=\"wp-block-image\"><img loading=\"lazy\" decoding=\"async\" width=\"1024\" height=\"594\" src=\"https:\/\/regiontatry.sk\/wp-content\/uploads\/2019\/04\/Mi\u0301la-pre-mamu-1024x594-1024x594.jpg\" alt=\"\" class=\"wp-image-17320\" srcset=\"https:\/\/regiontatry.sk\/wp-content\/uploads\/2019\/04\/Mi\u0301la-pre-mamu-1024x594.jpg 1024w, https:\/\/regiontatry.sk\/wp-content\/uploads\/2019\/04\/Mi\u0301la-pre-mamu-1024x594-300x174.jpg 300w, https:\/\/regiontatry.sk\/wp-content\/uploads\/2019\/04\/Mi\u0301la-pre-mamu-1024x594-768x446.jpg 768w, https:\/\/regiontatry.sk\/wp-content\/uploads\/2019\/04\/Mi\u0301la-pre-mamu-1024x594-698x405.jpg 698w, https:\/\/regiontatry.sk\/wp-content\/uploads\/2019\/04\/Mi\u0301la-pre-mamu-1024x594-552x320.jpg 552w\" sizes=\"(max-width: 1024px) 100vw, 1024px\" \/><\/figure>\n\n\n\n<figure class=\"wp-block-image\"><img loading=\"lazy\" decoding=\"async\" width=\"742\" height=\"1024\" src=\"https:\/\/regiontatry.sk\/wp-content\/uploads\/2019\/05\/letak-extra-vikend-page-001-742x1024.jpg\" alt=\"\" class=\"wp-image-17479\" srcset=\"https:\/\/regiontatry.sk\/wp-content\/uploads\/2019\/05\/letak-extra-vikend-page-001-742x1024.jpg 742w, https:\/\/regiontatry.sk\/wp-content\/uploads\/2019\/05\/letak-extra-vikend-page-001-218x300.jpg 218w, https:\/\/regiontatry.sk\/wp-content\/uploads\/2019\/05\/letak-extra-vikend-page-001-768x1059.jpg 768w, https:\/\/regiontatry.sk\/wp-content\/uploads\/2019\/05\/letak-extra-vikend-page-001-698x963.jpg 698w, https:\/\/regiontatry.sk\/wp-content\/uploads\/2019\/05\/letak-extra-vikend-page-001-552x761.jpg 552w, https:\/\/regiontatry.sk\/wp-content\/uploads\/2019\/05\/letak-extra-vikend-page-001.jpg 1353w\" sizes=\"(max-width: 742px) 100vw, 742px\" \/><\/figure>\n","protected":false},"excerpt":{"rendered":"<p>M\u00e1jov\u00e9 v\u00edkendy v&nbsp;Tatr\u00e1ch! RETRO prvom\u00e1jov\u00fd sprievod, Tatransk\u00fd maj\u00e1les, retro elektri\u010dka, \u0161portov\u00e9 podujatia, vernis\u00e1\u017ee, turistika, ve\u013ea z\u00e1bavy i&nbsp;t\u00fdch najkraj\u0161\u00edch v\u00fdh\u013eadov&#8230;<\/p>\n","protected":false},"featured_media":17301,"template":"","categories":[],"class_list":["post-17333","event","type-event","status-publish","has-post-thumbnail","hentry"],"more_info":{"galeria":false,"datum_od_do_enabled":true,"datum_od":"01.05.","datum_do":"11.05.2019","viac_datumov":false,"datumy":null,"cas_od":"","cas_do":"","miesto_konania":"Vysok\u00e9 Tatry<br \/>\r\nPoprad","cena_enabled":false,"ceny":null,"telefon":"","email":"","web_listkov":"","web_podujatia":""},"_links":{"self":[{"href":"https:\/\/regiontatry.sk\/pl\/wp-json\/wp\/v2\/events\/17333"}],"collection":[{"href":"https:\/\/regiontatry.sk\/pl\/wp-json\/wp\/v2\/events"}],"about":[{"href":"https:\/\/regiontatry.sk\/pl\/wp-json\/wp\/v2\/types\/event"}],"version-history":[{"count":1,"href":"https:\/\/regiontatry.sk\/pl\/wp-json\/wp\/v2\/events\/17333\/revisions"}],"predecessor-version":[{"id":17485,"href":"https:\/\/regiontatry.sk\/pl\/wp-json\/wp\/v2\/events\/17333\/revisions\/17485"}],"wp:featuredmedia":[{"embeddable":true,"href":"https:\/\/regiontatry.sk\/pl\/wp-json\/wp\/v2\/media\/17301"}],"wp:attachment":[{"href":"https:\/\/regiontatry.sk\/pl\/wp-json\/wp\/v2\/media?parent=17333"}],"wp:term":[{"taxonomy":"category","embeddable":true,"href":"https:\/\/regiontatry.sk\/pl\/wp-json\/wp\/v2\/categories?post=17333"}],"curies":[{"name":"wp","href":"https:\/\/api.w.org\/{rel}","templated":true}]}}

Tatranská májovka

<h4 class="wp-block-heading">Májové víkendy v&nbsp;Tatrách!</h4>



<p>RETRO prvomájový sprievod, Tatranský majáles, retro električka, športové podujatia, vernisáže, turistika, veľa zábavy i&nbsp;tých najkrajších výhľadov&#8230;<br><br></p>



<figure class="wp-block-image"><img loading="lazy" decoding="async" width="725" height="1024" src="https://regiontatry.sk/wp-content/uploads/2019/04/1.máj_jpg-725x1024.jpg" alt="" class="wp-image-17288" srcset="https://regiontatry.sk/wp-content/uploads/2019/04/1.máj_jpg-725x1024.jpg 725w, https://regiontatry.sk/wp-content/uploads/2019/04/1.máj_jpg-212x300.jpg 212w, https://regiontatry.sk/wp-content/uploads/2019/04/1.máj_jpg-768x1085.jpg 768w, https://regiontatry.sk/wp-content/uploads/2019/04/1.máj_jpg-1920x2712.jpg 1920w, https://regiontatry.sk/wp-content/uploads/2019/04/1.máj_jpg-1705x2408.jpg 1705w, https://regiontatry.sk/wp-content/uploads/2019/04/1.máj_jpg-698x986.jpg 698w, https://regiontatry.sk/wp-content/uploads/2019/04/1.máj_jpg-552x780.jpg 552w" sizes="(max-width: 725px) 100vw, 725px" /></figure>



<figure class="wp-block-image"><img loading="lazy" decoding="async" width="724" height="1024" src="https://regiontatry.sk/wp-content/uploads/2019/04/Plagát-1.-máj-2019-mail-724x1024.jpg" alt="" class="wp-image-17299" srcset="https://regiontatry.sk/wp-content/uploads/2019/04/Plagát-1.-máj-2019-mail-724x1024.jpg 724w, https://regiontatry.sk/wp-content/uploads/2019/04/Plagát-1.-máj-2019-mail-212x300.jpg 212w, https://regiontatry.sk/wp-content/uploads/2019/04/Plagát-1.-máj-2019-mail-768x1086.jpg 768w, https://regiontatry.sk/wp-content/uploads/2019/04/Plagát-1.-máj-2019-mail-698x987.jpg 698w, https://regiontatry.sk/wp-content/uploads/2019/04/Plagát-1.-máj-2019-mail-552x781.jpg 552w, https://regiontatry.sk/wp-content/uploads/2019/04/Plagát-1.-máj-2019-mail.jpg 1100w" sizes="(max-width: 724px) 100vw, 724px" /></figure>



<figure class="wp-block-image"><img loading="lazy" decoding="async" width="723" height="1024" src="https://regiontatry.sk/wp-content/uploads/2019/04/majovka-k-723x1024.jpg" alt="" class="wp-image-17302" srcset="https://regiontatry.sk/wp-content/uploads/2019/04/majovka-k-723x1024.jpg 723w, https://regiontatry.sk/wp-content/uploads/2019/04/majovka-k-212x300.jpg 212w, https://regiontatry.sk/wp-content/uploads/2019/04/majovka-k-768x1087.jpg 768w, https://regiontatry.sk/wp-content/uploads/2019/04/majovka-k-698x988.jpg 698w, https://regiontatry.sk/wp-content/uploads/2019/04/majovka-k-552x781.jpg 552w, https://regiontatry.sk/wp-content/uploads/2019/04/majovka-k.jpg 799w" sizes="(max-width: 723px) 100vw, 723px" /></figure>



<figure class="wp-block-image"><img loading="lazy" decoding="async" width="724" height="1024" src="https://regiontatry.sk/wp-content/uploads/2019/04/city-trail-2019-1-724x1024.png" alt="" class="wp-image-17305" srcset="https://regiontatry.sk/wp-content/uploads/2019/04/city-trail-2019-1-724x1024.png 724w, https://regiontatry.sk/wp-content/uploads/2019/04/city-trail-2019-1-212x300.png 212w, https://regiontatry.sk/wp-content/uploads/2019/04/city-trail-2019-1-768x1087.png 768w, https://regiontatry.sk/wp-content/uploads/2019/04/city-trail-2019-1-698x988.png 698w, https://regiontatry.sk/wp-content/uploads/2019/04/city-trail-2019-1-552x781.png 552w, https://regiontatry.sk/wp-content/uploads/2019/04/city-trail-2019-1.png 824w" sizes="(max-width: 724px) 100vw, 724px" /></figure>



<figure class="wp-block-image"><img loading="lazy" decoding="async" width="728" height="1024" src="https://regiontatry.sk/wp-content/uploads/2019/04/plakat_svk-728x1024.jpg" alt="" class="wp-image-16683" srcset="https://regiontatry.sk/wp-content/uploads/2019/04/plakat_svk-728x1024.jpg 728w, https://regiontatry.sk/wp-content/uploads/2019/04/plakat_svk-213x300.jpg 213w, https://regiontatry.sk/wp-content/uploads/2019/04/plakat_svk-768x1080.jpg 768w, https://regiontatry.sk/wp-content/uploads/2019/04/plakat_svk-698x981.jpg 698w, https://regiontatry.sk/wp-content/uploads/2019/04/plakat_svk-552x776.jpg 552w, https://regiontatry.sk/wp-content/uploads/2019/04/plakat_svk.jpg 1200w" sizes="(max-width: 728px) 100vw, 728px" /></figure>



<figure class="wp-block-image"><img loading="lazy" decoding="async" width="724" height="1024" src="https://regiontatry.sk/wp-content/uploads/2019/04/Otvorenie-veže-kostola-724x1024.png" alt="" class="wp-image-17308" srcset="https://regiontatry.sk/wp-content/uploads/2019/04/Otvorenie-veže-kostola-724x1024.png 724w, https://regiontatry.sk/wp-content/uploads/2019/04/Otvorenie-veže-kostola-212x300.png 212w, https://regiontatry.sk/wp-content/uploads/2019/04/Otvorenie-veže-kostola-768x1086.png 768w, https://regiontatry.sk/wp-content/uploads/2019/04/Otvorenie-veže-kostola-698x987.png 698w, https://regiontatry.sk/wp-content/uploads/2019/04/Otvorenie-veže-kostola-552x781.png 552w, https://regiontatry.sk/wp-content/uploads/2019/04/Otvorenie-veže-kostola.png 1000w" sizes="(max-width: 724px) 100vw, 724px" /></figure>



<figure class="wp-block-image"><img loading="lazy" decoding="async" width="706" height="1024" src="https://regiontatry.sk/wp-content/uploads/2019/04/Rallye_Tatry_plagat_NAHLAD-706x1024.jpg" alt="" class="wp-image-17311" srcset="https://regiontatry.sk/wp-content/uploads/2019/04/Rallye_Tatry_plagat_NAHLAD-706x1024.jpg 706w, https://regiontatry.sk/wp-content/uploads/2019/04/Rallye_Tatry_plagat_NAHLAD-207x300.jpg 207w, https://regiontatry.sk/wp-content/uploads/2019/04/Rallye_Tatry_plagat_NAHLAD-768x1114.jpg 768w, https://regiontatry.sk/wp-content/uploads/2019/04/Rallye_Tatry_plagat_NAHLAD-698x1012.jpg 698w, https://regiontatry.sk/wp-content/uploads/2019/04/Rallye_Tatry_plagat_NAHLAD-552x800.jpg 552w, https://regiontatry.sk/wp-content/uploads/2019/04/Rallye_Tatry_plagat_NAHLAD.jpg 1222w" sizes="(max-width: 706px) 100vw, 706px" /></figure>



<figure class="wp-block-image"><img loading="lazy" decoding="async" width="724" height="1024" src="https://regiontatry.sk/wp-content/uploads/2019/04/Plagát-pozvanka-na-vernisaž-JPG-1-724x1024.jpg" alt="" class="wp-image-17323" srcset="https://regiontatry.sk/wp-content/uploads/2019/04/Plagát-pozvanka-na-vernisaž-JPG-1.jpg 724w, https://regiontatry.sk/wp-content/uploads/2019/04/Plagát-pozvanka-na-vernisaž-JPG-1-212x300.jpg 212w, https://regiontatry.sk/wp-content/uploads/2019/04/Plagát-pozvanka-na-vernisaž-JPG-1-698x987.jpg 698w, https://regiontatry.sk/wp-content/uploads/2019/04/Plagát-pozvanka-na-vernisaž-JPG-1-552x781.jpg 552w" sizes="(max-width: 724px) 100vw, 724px" /></figure>



<figure class="wp-block-image"><img loading="lazy" decoding="async" width="595" height="850" src="https://regiontatry.sk/wp-content/uploads/2019/04/Email-Invitation-July-Haluzova.jpg" alt="" class="wp-image-17314" srcset="https://regiontatry.sk/wp-content/uploads/2019/04/Email-Invitation-July-Haluzova.jpg 595w, https://regiontatry.sk/wp-content/uploads/2019/04/Email-Invitation-July-Haluzova-210x300.jpg 210w, https://regiontatry.sk/wp-content/uploads/2019/04/Email-Invitation-July-Haluzova-552x789.jpg 552w" sizes="(max-width: 595px) 100vw, 595px" /></figure>



<figure class="wp-block-image"><img loading="lazy" decoding="async" width="724" height="1024" src="https://regiontatry.sk/wp-content/uploads/2019/04/phj2019-skety-724x1024.jpg" alt="" class="wp-image-17317" srcset="https://regiontatry.sk/wp-content/uploads/2019/04/phj2019-skety-724x1024.jpg 724w, https://regiontatry.sk/wp-content/uploads/2019/04/phj2019-skety-212x300.jpg 212w, https://regiontatry.sk/wp-content/uploads/2019/04/phj2019-skety-768x1086.jpg 768w, https://regiontatry.sk/wp-content/uploads/2019/04/phj2019-skety-698x987.jpg 698w, https://regiontatry.sk/wp-content/uploads/2019/04/phj2019-skety-552x781.jpg 552w, https://regiontatry.sk/wp-content/uploads/2019/04/phj2019-skety.jpg 1500w" sizes="(max-width: 724px) 100vw, 724px" /></figure>



<figure class="wp-block-image"><img loading="lazy" decoding="async" width="1024" height="594" src="https://regiontatry.sk/wp-content/uploads/2019/04/Míla-pre-mamu-1024x594-1024x594.jpg" alt="" class="wp-image-17320" srcset="https://regiontatry.sk/wp-content/uploads/2019/04/Míla-pre-mamu-1024x594.jpg 1024w, https://regiontatry.sk/wp-content/uploads/2019/04/Míla-pre-mamu-1024x594-300x174.jpg 300w, https://regiontatry.sk/wp-content/uploads/2019/04/Míla-pre-mamu-1024x594-768x446.jpg 768w, https://regiontatry.sk/wp-content/uploads/2019/04/Míla-pre-mamu-1024x594-698x405.jpg 698w, https://regiontatry.sk/wp-content/uploads/2019/04/Míla-pre-mamu-1024x594-552x320.jpg 552w" sizes="(max-width: 1024px) 100vw, 1024px" /></figure>



<figure class="wp-block-image"><img loading="lazy" decoding="async" width="742" height="1024" src="https://regiontatry.sk/wp-content/uploads/2019/05/letak-extra-vikend-page-001-742x1024.jpg" alt="" class="wp-image-17479" srcset="https://regiontatry.sk/wp-content/uploads/2019/05/letak-extra-vikend-page-001-742x1024.jpg 742w, https://regiontatry.sk/wp-content/uploads/2019/05/letak-extra-vikend-page-001-218x300.jpg 218w, https://regiontatry.sk/wp-content/uploads/2019/05/letak-extra-vikend-page-001-768x1059.jpg 768w, https://regiontatry.sk/wp-content/uploads/2019/05/letak-extra-vikend-page-001-698x963.jpg 698w, https://regiontatry.sk/wp-content/uploads/2019/05/letak-extra-vikend-page-001-552x761.jpg 552w, https://regiontatry.sk/wp-content/uploads/2019/05/letak-extra-vikend-page-001.jpg 1353w" sizes="(max-width: 742px) 100vw, 742px" /></figure>

<p>Májové víkendy v&nbsp;Tatrách! RETRO prvomájový sprievod, Tatranský majáles, retro električka, športové podujatia, vernisáže, turistika, veľa zábavy i&nbsp;tých najkrajších výhľadov&#8230;</p>

Vysoké Tatry<br />
Poprad
