{"id":20103,"date":"2019-08-26T21:53:47","date_gmt":"2019-08-26T19:53:47","guid":{"rendered":"https:\/\/regiontatry.sk\/event\/boulder-king-2019\/"},"modified":"2019-08-26T21:53:47","modified_gmt":"2019-08-26T19:53:47","slug":"boulder-king-2019","status":"publish","type":"event","link":"https:\/\/regiontatry.sk\/pl\/event\/boulder-king-2019\/","title":{"rendered":"Boulder King 2019"},"content":{"rendered":"\n<p>V porad\u00ed u\u017e 5. ro\u010dn\u00edk tradi\u010dnej \u0161portovo &#8211; kult\u00farnej udalosti na ke\u017emarskom hrade ! Akcia sa uskuto\u010dn\u00ed 6 &#8211; 8. 9. 2018 !!!<\/p>\n\n\n\n<p>Mo\u017eeme sa te\u0161i\u0165 na novinky &#8211; chyty a \u0161trukt\u00fary od slovenskej firmy Anatomic ! Pitn\u00fd re\u017eim od firmy Tatransk\u00e1<a rel=\"noreferrer noopener\" target=\"_blank\" href=\"https:\/\/www.facebook.com\/tatranskamineralka\/\"> <\/a>miner\u00e1lka, Atrakcie pre deti ! Bufet ! Tombola ! Workshopy ! S\u00fa\u0165a\u017ee! Price money pre v\u00ed\u0165azov ! Premi\u00e9ra masersk\u00e9ho boulder setu, made in Tis\u00e1, Vrigin Grip !!! Workshopy a mnoho in\u00e9ho !!!<\/p>\n\n\n\n<p>Piatok 6.9.2019 \/\/ Hory a mesto Ke\u017emarok \/\/<br>Videoprojekcia + bufet <br>Premietanie horsk\u00fdch filmov !<br>Vstupn\u00e9 5 Eur <\/p>\n\n\n\n<p>Sobota 7.9.2019 \/\/ Slovensk\u00fd poh\u00e1r dospel\u00fdch \/\/<br>Registr\u00e1cia: 7.30 \u2013 12.30<br>Kvalifik\u00e1cia:<br>1. skupina \/8.00 \u2013 10.00\/<br>2. skupina \/10.15 \u2013 12.15\/<br>3. skupina \/12.30 \u2013 14.30\/<\/p>\n\n\n\n<p>Fin\u00e1le \u2013 19.00 Live Show + Afterp\u00e1rty priamo v Hrade (kapela. Djs) !<br>Registr\u00e1cia: <a rel=\"noreferrer noopener\" target=\"_blank\" href=\"https:\/\/l.facebook.com\/l.php?u=http%3A%2F%2Fjames.sk%2Farticles.asp%3Fportal_id%3D1%26pageid%3D1%26id_dependency%3D13081%26akcia%3D3%26fbclid%3DIwAR2l8naNiEvjWQZ13tQ5DvROpb-ob3w7dCEyEFp9wJOWxU-Ab4pH9NYYqEA&amp;h=AT2JX9VF0GmcXpmQt1WIsT4SgJ0RAedhaasX1Qk6fz6LkHMIQjc7_Nwz77rEDgBksNtYC8HEV88VvDXwFhBgjriGHEWoyR_3jRRZsBa0cDcmWWhEanphHWqTpVRZFKwd0LTA-4g\">http:\/\/james.sk\/articles.asp?portal_id=1&amp;pageid=1&amp;id_dependency=13081&amp;akcia=3<\/a><\/p>\n\n\n\n<p>Nede\u013ea 8.9.2019 \/\/ Slovensk\u00fd poh\u00e1r det\u00ed a ml\u00e1de\u017ee \/\/ BOULDER KINGUIN \/\/<br>Registr\u00e1cia: 9.00 \u2013 14.30<br>1.\tSkupina \/10.00 \u2013 12.00\/<br>2.\tSkupina \/12.15 \u2013 14.15\/<br>3.\tSkupina \/14.30 \u2013 16.30\/<\/p>\n\n\n\n<p>Vyhl\u00e1senie v\u00ed\u0165azov 17.00 + koncert !<br>Registr\u00e1cia: <a target=\"_blank\" href=\"https:\/\/l.facebook.com\/l.php?u=http%3A%2F%2Fjames.sk%2Farticles.asp%3Fportal_id%3D1%26pageid%3D1%26id_dependency%3D13083%26akcia%3D3%26fbclid%3DIwAR3lDS0gTPlUvI_g5vnJELZCpMk2UiKNu720BIdSXaqM_rAcFf6YUIiADEs&amp;h=AT1Xbf1P7Rr4rQWkat4uxjPRJvTUAhjmrJdZbhzwmUl6cDo9b6Ceb3pK8_xOSWcl4a1sSspXgyJHKgKfS65H-18eoeCtwKcOqNPXA3vUYKafgnecHChzmQLQwkZ1xyQ8yy13E2A\" rel=\"noreferrer noopener\">http:\/\/james.sk\/articles.asp?portal_id=1&amp;pageid=1&amp;id_dependency=13083&amp;akcia=3<\/a><\/p>\n\n\n\n<p>Z\u00e1ujemci o tri\u010dko p\u00ed\u0161te na email: bking.wear@gmail.com<br>Objedn\u00e1vky do 2.9. 2019 \/ 24.00 bud\u00fa ready na akcii BK2019<br>Uvies\u0165: Meno, Priezvisko, Tel., Ve\u013ekos\u0165 tri\u010dka.<\/p>\n\n\n\n<p>Vid\u00edme sa na mieste ! Let the Kings lead !<\/p>\n\n\n\n<figure class=\"wp-block-image\"><a href=\"https:\/\/regiontatry.sk\/wp-content\/uploads\/2019\/08\/nahlad_program.png\" data-rel=\"lightbox-image-0\" data-rl_title=\"\" data-rl_caption=\"\" title=\"\"><img loading=\"lazy\" decoding=\"async\" width=\"728\" height=\"1024\" src=\"https:\/\/regiontatry.sk\/wp-content\/uploads\/2019\/08\/nahlad_program-728x1024.png\" alt=\"\" class=\"wp-image-20081\" srcset=\"https:\/\/regiontatry.sk\/wp-content\/uploads\/2019\/08\/nahlad_program-728x1024.png 728w, https:\/\/regiontatry.sk\/wp-content\/uploads\/2019\/08\/nahlad_program-213x300.png 213w, https:\/\/regiontatry.sk\/wp-content\/uploads\/2019\/08\/nahlad_program-768x1080.png 768w, https:\/\/regiontatry.sk\/wp-content\/uploads\/2019\/08\/nahlad_program-698x981.png 698w, https:\/\/regiontatry.sk\/wp-content\/uploads\/2019\/08\/nahlad_program-552x776.png 552w, https:\/\/regiontatry.sk\/wp-content\/uploads\/2019\/08\/nahlad_program.png 860w\" sizes=\"(max-width: 728px) 100vw, 728px\" \/><\/a><\/figure>\n\n\n\n<figure class=\"wp-block-image\"><a href=\"https:\/\/regiontatry.sk\/wp-content\/uploads\/2019\/08\/nahlad_ham.png\" data-rel=\"lightbox-image-1\" data-rl_title=\"\" data-rl_caption=\"\" title=\"\"><img loading=\"lazy\" decoding=\"async\" width=\"728\" height=\"1024\" src=\"https:\/\/regiontatry.sk\/wp-content\/uploads\/2019\/08\/nahlad_ham-728x1024.png\" alt=\"\" class=\"wp-image-20084\" srcset=\"https:\/\/regiontatry.sk\/wp-content\/uploads\/2019\/08\/nahlad_ham-728x1024.png 728w, https:\/\/regiontatry.sk\/wp-content\/uploads\/2019\/08\/nahlad_ham-213x300.png 213w, https:\/\/regiontatry.sk\/wp-content\/uploads\/2019\/08\/nahlad_ham-768x1080.png 768w, https:\/\/regiontatry.sk\/wp-content\/uploads\/2019\/08\/nahlad_ham-698x981.png 698w, https:\/\/regiontatry.sk\/wp-content\/uploads\/2019\/08\/nahlad_ham-552x776.png 552w, https:\/\/regiontatry.sk\/wp-content\/uploads\/2019\/08\/nahlad_ham.png 860w\" sizes=\"(max-width: 728px) 100vw, 728px\" \/><\/a><\/figure>\n\n\n\n<div style=\"height:100px\" aria-hidden=\"true\" class=\"wp-block-spacer\"><\/div>\n\n\n\n<figure class=\"wp-block-embed-facebook aligncenter wp-block-embed is-type-video is-provider-facebook\"><div class=\"wp-block-embed__wrapper\">\nhttps:\/\/www.facebook.com\/boulderking.production\/videos\/742637822874814\/\n<\/div><\/figure>\n","protected":false},"excerpt":{"rendered":"<p>V porad\u00ed u\u017e 5. ro\u010dn\u00edk tradi\u010dnej \u0161portovo &#8211; kult\u00farnej udalosti na ke\u017emarskom hrade ! Akcia sa uskuto\u010dn\u00ed 6 &#8211; 8. 9. 2018 !!! Mo\u017eeme sa te\u0161i\u0165 na novinky &#8211; chyty a \u0161trukt\u00fary od slovenskej firmy Anatomic ! Pitn\u00fd re\u017eim od firmy Tatransk\u00e1 miner\u00e1lka, Atrakcie pre deti ! Bufet ! Tombola ! Workshopy ! S\u00fa\u0165a\u017ee! Price [&hellip;]<\/p>\n","protected":false},"featured_media":20089,"template":"","categories":[],"class_list":["post-20103","event","type-event","status-publish","has-post-thumbnail","hentry"],"more_info":{"galeria":false,"datum_od_do_enabled":true,"datum_od":"06.09.","datum_do":"08.09.2019","viac_datumov":false,"datumy":null,"cas_od":"","cas_do":"","miesto_konania":"Ke\u017emarok<br \/>\r\nKe\u017emarsk\u00fd hrad","cena_enabled":false,"ceny":null,"telefon":"","email":"","web_listkov":"http:\/\/james.sk\/articles.asp?portal_id=1&amp;pageid=1&amp;id_dependency=13083&amp;akcia=3\ufeff","web_podujatia":"https:\/\/www.facebook.com\/events\/521763291900993\/"},"_links":{"self":[{"href":"https:\/\/regiontatry.sk\/pl\/wp-json\/wp\/v2\/events\/20103"}],"collection":[{"href":"https:\/\/regiontatry.sk\/pl\/wp-json\/wp\/v2\/events"}],"about":[{"href":"https:\/\/regiontatry.sk\/pl\/wp-json\/wp\/v2\/types\/event"}],"version-history":[{"count":0,"href":"https:\/\/regiontatry.sk\/pl\/wp-json\/wp\/v2\/events\/20103\/revisions"}],"wp:featuredmedia":[{"embeddable":true,"href":"https:\/\/regiontatry.sk\/pl\/wp-json\/wp\/v2\/media\/20089"}],"wp:attachment":[{"href":"https:\/\/regiontatry.sk\/pl\/wp-json\/wp\/v2\/media?parent=20103"}],"wp:term":[{"taxonomy":"category","embeddable":true,"href":"https:\/\/regiontatry.sk\/pl\/wp-json\/wp\/v2\/categories?post=20103"}],"curies":[{"name":"wp","href":"https:\/\/api.w.org\/{rel}","templated":true}]}}

<p>V poradí už 5. ročník tradičnej športovo &#8211; kultúrnej udalosti na kežmarskom hrade ! Akcia sa uskutoční 6 &#8211; 8. 9. 2018 !!!</p>



<p>Možeme sa tešiť na novinky &#8211; chyty a štruktúry od slovenskej firmy Anatomic ! Pitný režim od firmy Tatranská<a rel="noreferrer noopener" target="_blank" href="https://www.facebook.com/tatranskamineralka/"> </a>minerálka, Atrakcie pre deti ! Bufet ! Tombola ! Workshopy ! Súťaže! Price money pre víťazov ! Premiéra maserského boulder setu, made in Tisá, Vrigin Grip !!! Workshopy a mnoho iného !!!</p>



<p>Piatok 6.9.2019 // Hory a mesto Kežmarok //<br>Videoprojekcia + bufet <br>Premietanie horských filmov !<br>Vstupné 5 Eur </p>



<p>Sobota 7.9.2019 // Slovenský pohár dospelých //<br>Registrácia: 7.30 – 12.30<br>Kvalifikácia:<br>1. skupina /8.00 – 10.00/<br>2. skupina /10.15 – 12.15/<br>3. skupina /12.30 – 14.30/</p>



<p>Finále – 19.00 Live Show + Afterpárty priamo v Hrade (kapela. Djs) !<br>Registrácia: <a rel="noreferrer noopener" target="_blank" href="https://l.facebook.com/l.php?u=http%3A%2F%2Fjames.sk%2Farticles.asp%3Fportal_id%3D1%26pageid%3D1%26id_dependency%3D13081%26akcia%3D3%26fbclid%3DIwAR2l8naNiEvjWQZ13tQ5DvROpb-ob3w7dCEyEFp9wJOWxU-Ab4pH9NYYqEA&amp;h=AT2JX9VF0GmcXpmQt1WIsT4SgJ0RAedhaasX1Qk6fz6LkHMIQjc7_Nwz77rEDgBksNtYC8HEV88VvDXwFhBgjriGHEWoyR_3jRRZsBa0cDcmWWhEanphHWqTpVRZFKwd0LTA-4g">http://james.sk/articles.asp?portal_id=1&amp;pageid=1&amp;id_dependency=13081&amp;akcia=3</a></p>



<p>Nedeľa 8.9.2019 // Slovenský pohár detí a mládeže // BOULDER KINGUIN //<br>Registrácia: 9.00 – 14.30<br>1.	Skupina /10.00 – 12.00/<br>2.	Skupina /12.15 – 14.15/<br>3.	Skupina /14.30 – 16.30/</p>



<p>Vyhlásenie víťazov 17.00 + koncert !<br>Registrácia: <a target="_blank" href="https://l.facebook.com/l.php?u=http%3A%2F%2Fjames.sk%2Farticles.asp%3Fportal_id%3D1%26pageid%3D1%26id_dependency%3D13083%26akcia%3D3%26fbclid%3DIwAR3lDS0gTPlUvI_g5vnJELZCpMk2UiKNu720BIdSXaqM_rAcFf6YUIiADEs&amp;h=AT1Xbf1P7Rr4rQWkat4uxjPRJvTUAhjmrJdZbhzwmUl6cDo9b6Ceb3pK8_xOSWcl4a1sSspXgyJHKgKfS65H-18eoeCtwKcOqNPXA3vUYKafgnecHChzmQLQwkZ1xyQ8yy13E2A" rel="noreferrer noopener">http://james.sk/articles.asp?portal_id=1&amp;pageid=1&amp;id_dependency=13083&amp;akcia=3</a></p>



<p>Záujemci o tričko píšte na email: bking.wear@gmail.com<br>Objednávky do 2.9. 2019 / 24.00 budú ready na akcii BK2019<br>Uviesť: Meno, Priezvisko, Tel., Veľkosť trička.</p>



<p>Vidíme sa na mieste ! Let the Kings lead !</p>



<figure class="wp-block-image"><a href="https://regiontatry.sk/wp-content/uploads/2019/08/nahlad_program.png" data-rel="lightbox-image-0" data-rl_title="" data-rl_caption="" title=""><img loading="lazy" decoding="async" width="728" height="1024" src="https://regiontatry.sk/wp-content/uploads/2019/08/nahlad_program-728x1024.png" alt="" class="wp-image-20081" srcset="https://regiontatry.sk/wp-content/uploads/2019/08/nahlad_program-728x1024.png 728w, https://regiontatry.sk/wp-content/uploads/2019/08/nahlad_program-213x300.png 213w, https://regiontatry.sk/wp-content/uploads/2019/08/nahlad_program-768x1080.png 768w, https://regiontatry.sk/wp-content/uploads/2019/08/nahlad_program-698x981.png 698w, https://regiontatry.sk/wp-content/uploads/2019/08/nahlad_program-552x776.png 552w, https://regiontatry.sk/wp-content/uploads/2019/08/nahlad_program.png 860w" sizes="(max-width: 728px) 100vw, 728px" /></a></figure>



<figure class="wp-block-image"><a href="https://regiontatry.sk/wp-content/uploads/2019/08/nahlad_ham.png" data-rel="lightbox-image-1" data-rl_title="" data-rl_caption="" title=""><img loading="lazy" decoding="async" width="728" height="1024" src="https://regiontatry.sk/wp-content/uploads/2019/08/nahlad_ham-728x1024.png" alt="" class="wp-image-20084" srcset="https://regiontatry.sk/wp-content/uploads/2019/08/nahlad_ham-728x1024.png 728w, https://regiontatry.sk/wp-content/uploads/2019/08/nahlad_ham-213x300.png 213w, https://regiontatry.sk/wp-content/uploads/2019/08/nahlad_ham-768x1080.png 768w, https://regiontatry.sk/wp-content/uploads/2019/08/nahlad_ham-698x981.png 698w, https://regiontatry.sk/wp-content/uploads/2019/08/nahlad_ham-552x776.png 552w, https://regiontatry.sk/wp-content/uploads/2019/08/nahlad_ham.png 860w" sizes="(max-width: 728px) 100vw, 728px" /></a></figure>



<div style="height:100px" aria-hidden="true" class="wp-block-spacer"></div>



<figure class="wp-block-embed-facebook aligncenter wp-block-embed is-type-video is-provider-facebook"><div class="wp-block-embed__wrapper">
https://www.facebook.com/boulderking.production/videos/742637822874814/
</div></figure>

<p>V poradí už 5. ročník tradičnej športovo &#8211; kultúrnej udalosti na kežmarskom hrade ! Akcia sa uskutoční 6 &#8211; 8. 9. 2018 !!! Možeme sa tešiť na novinky &#8211; chyty a štruktúry od slovenskej firmy Anatomic ! Pitný režim od firmy Tatranská minerálka, Atrakcie pre deti ! Bufet ! Tombola ! Workshopy ! Súťaže! Price [&hellip;]</p>

Kežmarok<br />
Kežmarský hrad
