{"id":20180,"date":"2019-09-13T16:40:18","date_gmt":"2019-09-13T14:40:18","guid":{"rendered":"https:\/\/regiontatry.sk\/event\/festival-zdravia-regeneracie-a-prirody\/"},"modified":"2019-10-31T11:12:08","modified_gmt":"2019-10-31T10:12:08","slug":"festival-zdravia-regeneracie-a-prirody","status":"publish","type":"event","link":"https:\/\/regiontatry.sk\/pl\/event\/festival-zdravia-regeneracie-a-prirody\/","title":{"rendered":"Festival zdravia, regener\u00e1cie a pr\u00edrody"},"content":{"rendered":"\n<p>Poz\u00fdvame v\u00e1s na Festival zdravia, regener\u00e1cie a pr\u00edrody so zauj\u00edmav\u00fdm programom :<\/p>\n\n\n\n<figure class=\"wp-block-image\"><a href=\"https:\/\/regiontatry.sk\/wp-content\/uploads\/2019\/10\/FZRP_november-2019_LR.jpg\" data-rel=\"lightbox-image-0\" data-rl_title=\"\" data-rl_caption=\"\" title=\"\"><img loading=\"lazy\" decoding=\"async\" width=\"729\" height=\"1024\" src=\"https:\/\/regiontatry.sk\/wp-content\/uploads\/2019\/10\/FZRP_november-2019_LR-729x1024.jpg\" alt=\"\" class=\"wp-image-20875\" srcset=\"https:\/\/regiontatry.sk\/wp-content\/uploads\/2019\/10\/FZRP_november-2019_LR-729x1024.jpg 729w, https:\/\/regiontatry.sk\/wp-content\/uploads\/2019\/10\/FZRP_november-2019_LR-214x300.jpg 214w, https:\/\/regiontatry.sk\/wp-content\/uploads\/2019\/10\/FZRP_november-2019_LR-768x1079.jpg 768w, https:\/\/regiontatry.sk\/wp-content\/uploads\/2019\/10\/FZRP_november-2019_LR-1920x2697.jpg 1920w, https:\/\/regiontatry.sk\/wp-content\/uploads\/2019\/10\/FZRP_november-2019_LR-1705x2395.jpg 1705w, https:\/\/regiontatry.sk\/wp-content\/uploads\/2019\/10\/FZRP_november-2019_LR-698x981.jpg 698w, https:\/\/regiontatry.sk\/wp-content\/uploads\/2019\/10\/FZRP_november-2019_LR-552x775.jpg 552w\" sizes=\"(max-width: 729px) 100vw, 729px\" \/><\/a><\/figure>\n","protected":false},"excerpt":{"rendered":"<p>Poz\u00fdvame v\u00e1s na Festival zdravia, regener\u00e1cie a pr\u00edrody so zauj\u00edmav\u00fdm programom :<\/p>\n","protected":false},"featured_media":20878,"template":"","categories":[],"class_list":["post-20180","event","type-event","status-publish","has-post-thumbnail","hentry"],"more_info":{"galeria":false,"datum_od_do_enabled":true,"datum_od":"15.11.","datum_do":"17.11.2019","viac_datumov":false,"datumy":null,"cas_od":"","cas_do":"","miesto_konania":"Kaviare\u0148 a \u010dajov\u0148a U VLKA<br \/>\r\nCesta slobody 4<br \/>\r\nStar\u00fd Smokovec","cena_enabled":false,"ceny":null,"telefon":"+421908704412","email":"uvlka@kaviarenacajovnauvlka.sk","web_listkov":"","web_podujatia":"http:\/\/www.kaviarenacajovnauvlka.sk\/"},"_links":{"self":[{"href":"https:\/\/regiontatry.sk\/pl\/wp-json\/wp\/v2\/events\/20180"}],"collection":[{"href":"https:\/\/regiontatry.sk\/pl\/wp-json\/wp\/v2\/events"}],"about":[{"href":"https:\/\/regiontatry.sk\/pl\/wp-json\/wp\/v2\/types\/event"}],"version-history":[{"count":3,"href":"https:\/\/regiontatry.sk\/pl\/wp-json\/wp\/v2\/events\/20180\/revisions"}],"predecessor-version":[{"id":20882,"href":"https:\/\/regiontatry.sk\/pl\/wp-json\/wp\/v2\/events\/20180\/revisions\/20882"}],"wp:featuredmedia":[{"embeddable":true,"href":"https:\/\/regiontatry.sk\/pl\/wp-json\/wp\/v2\/media\/20878"}],"wp:attachment":[{"href":"https:\/\/regiontatry.sk\/pl\/wp-json\/wp\/v2\/media?parent=20180"}],"wp:term":[{"taxonomy":"category","embeddable":true,"href":"https:\/\/regiontatry.sk\/pl\/wp-json\/wp\/v2\/categories?post=20180"}],"curies":[{"name":"wp","href":"https:\/\/api.w.org\/{rel}","templated":true}]}}

Festival zdravia, regenerácie a prírody

<p>Pozývame vás na Festival zdravia, regenerácie a prírody so zaujímavým programom :</p>



<figure class="wp-block-image"><a href="https://regiontatry.sk/wp-content/uploads/2019/10/FZRP_november-2019_LR.jpg" data-rel="lightbox-image-0" data-rl_title="" data-rl_caption="" title=""><img loading="lazy" decoding="async" width="729" height="1024" src="https://regiontatry.sk/wp-content/uploads/2019/10/FZRP_november-2019_LR-729x1024.jpg" alt="" class="wp-image-20875" srcset="https://regiontatry.sk/wp-content/uploads/2019/10/FZRP_november-2019_LR-729x1024.jpg 729w, https://regiontatry.sk/wp-content/uploads/2019/10/FZRP_november-2019_LR-214x300.jpg 214w, https://regiontatry.sk/wp-content/uploads/2019/10/FZRP_november-2019_LR-768x1079.jpg 768w, https://regiontatry.sk/wp-content/uploads/2019/10/FZRP_november-2019_LR-1920x2697.jpg 1920w, https://regiontatry.sk/wp-content/uploads/2019/10/FZRP_november-2019_LR-1705x2395.jpg 1705w, https://regiontatry.sk/wp-content/uploads/2019/10/FZRP_november-2019_LR-698x981.jpg 698w, https://regiontatry.sk/wp-content/uploads/2019/10/FZRP_november-2019_LR-552x775.jpg 552w" sizes="(max-width: 729px) 100vw, 729px" /></a></figure>

<p>Pozývame vás na Festival zdravia, regenerácie a prírody so zaujímavým programom :</p>

Kaviareň a čajovňa U VLKA<br />
Cesta slobody 4<br />
Starý Smokovec
