{"id":20329,"date":"2019-09-18T11:27:21","date_gmt":"2019-09-18T09:27:21","guid":{"rendered":"https:\/\/regiontatry.sk\/?post_type=event&#038;p=20329"},"modified":"2019-09-18T11:27:23","modified_gmt":"2019-09-18T09:27:23","slug":"krasa-ukryta-v-mineraloch","status":"publish","type":"event","link":"https:\/\/regiontatry.sk\/pl\/event\/krasa-ukryta-v-mineraloch\/","title":{"rendered":"Kr\u00e1sa ukryt\u00e1 v miner\u00e1loch"},"content":{"rendered":"\n<p><strong>Burza a v\u00fdstava miner\u00e1lov, skamenel\u00edn a v\u00fdrobkov z drah\u00fdch kame\u0148ov.<\/strong><br><\/p>\n\n\n\n<p>6. ro\u010dn\u00edk burzy a v\u00fdstavy miner\u00e1lov zo Slovenska i zo sveta, ako aj \u0161perkov\u00a0 z miner\u00e1lov- V piatok od 11 &#8211; 21 hod. v sobotu od 9 &#8211; 20 hod. V sobotu bude mo\u017en\u00e9 si vysk\u00fa\u0161a\u0165 v r\u00e1mci v\u00fdstavy naviac\u00a0ry\u017eovanie zlata.\u00a0<\/p>\n\n\n\n<p>Akcia sa kon\u00e1 v OC MAX Poprad v d\u0148och 20.9. &#8211; 21.9.<\/p>\n\n\n\n<figure class=\"wp-block-image\"><img loading=\"lazy\" decoding=\"async\" width=\"724\" height=\"1024\" src=\"https:\/\/regiontatry.sk\/wp-content\/uploads\/2019\/09\/MAX_PP_Poster_A3_mineraly_bez_orezoviek-page-001-724x1024.jpg\" alt=\"\" class=\"wp-image-20330\" srcset=\"https:\/\/regiontatry.sk\/wp-content\/uploads\/2019\/09\/MAX_PP_Poster_A3_mineraly_bez_orezoviek-page-001-724x1024.jpg 724w, https:\/\/regiontatry.sk\/wp-content\/uploads\/2019\/09\/MAX_PP_Poster_A3_mineraly_bez_orezoviek-page-001-212x300.jpg 212w, https:\/\/regiontatry.sk\/wp-content\/uploads\/2019\/09\/MAX_PP_Poster_A3_mineraly_bez_orezoviek-page-001-768x1086.jpg 768w, https:\/\/regiontatry.sk\/wp-content\/uploads\/2019\/09\/MAX_PP_Poster_A3_mineraly_bez_orezoviek-page-001-1705x2411.jpg 1705w, https:\/\/regiontatry.sk\/wp-content\/uploads\/2019\/09\/MAX_PP_Poster_A3_mineraly_bez_orezoviek-page-001-698x987.jpg 698w, https:\/\/regiontatry.sk\/wp-content\/uploads\/2019\/09\/MAX_PP_Poster_A3_mineraly_bez_orezoviek-page-001-552x780.jpg 552w, https:\/\/regiontatry.sk\/wp-content\/uploads\/2019\/09\/MAX_PP_Poster_A3_mineraly_bez_orezoviek-page-001.jpg 1754w\" sizes=\"(max-width: 724px) 100vw, 724px\" \/><\/figure>\n","protected":false},"excerpt":{"rendered":"<p>Burza a v\u00fdstava miner\u00e1lov, skamenel\u00edn a v\u00fdrobkov z drah\u00fdch kame\u0148ov. 6. ro\u010dn\u00edk burzy a v\u00fdstavy miner\u00e1lov zo Slovenska i zo sveta, ako aj \u0161perkov\u00a0 z miner\u00e1lov- V piatok od 11 &#8211; 21 hod. v sobotu od 9 &#8211; 20 hod. V sobotu bude mo\u017en\u00e9 si vysk\u00fa\u0161a\u0165 v r\u00e1mci v\u00fdstavy naviac\u00a0ry\u017eovanie zlata.\u00a0 Akcia sa kon\u00e1 v [&hellip;]<\/p>\n","protected":false},"featured_media":20332,"template":"","categories":[],"class_list":["post-20329","event","type-event","status-publish","has-post-thumbnail","hentry"],"more_info":{"galeria":false,"datum_od_do_enabled":true,"datum_od":"20.09.","datum_do":"21.09.2019","viac_datumov":false,"datumy":null,"cas_od":"","cas_do":"","miesto_konania":"OC MAX<br \/>\r\nPoprad","cena_enabled":false,"ceny":null,"telefon":"","email":"","web_listkov":"","web_podujatia":""},"_links":{"self":[{"href":"https:\/\/regiontatry.sk\/pl\/wp-json\/wp\/v2\/events\/20329"}],"collection":[{"href":"https:\/\/regiontatry.sk\/pl\/wp-json\/wp\/v2\/events"}],"about":[{"href":"https:\/\/regiontatry.sk\/pl\/wp-json\/wp\/v2\/types\/event"}],"version-history":[{"count":1,"href":"https:\/\/regiontatry.sk\/pl\/wp-json\/wp\/v2\/events\/20329\/revisions"}],"predecessor-version":[{"id":20333,"href":"https:\/\/regiontatry.sk\/pl\/wp-json\/wp\/v2\/events\/20329\/revisions\/20333"}],"wp:featuredmedia":[{"embeddable":true,"href":"https:\/\/regiontatry.sk\/pl\/wp-json\/wp\/v2\/media\/20332"}],"wp:attachment":[{"href":"https:\/\/regiontatry.sk\/pl\/wp-json\/wp\/v2\/media?parent=20329"}],"wp:term":[{"taxonomy":"category","embeddable":true,"href":"https:\/\/regiontatry.sk\/pl\/wp-json\/wp\/v2\/categories?post=20329"}],"curies":[{"name":"wp","href":"https:\/\/api.w.org\/{rel}","templated":true}]}}

Krása ukrytá v mineráloch

<p><strong>Burza a výstava minerálov, skamenelín a výrobkov z drahých kameňov.</strong><br></p>



<p>6. ročník burzy a výstavy minerálov zo Slovenska i zo sveta, ako aj šperkov  z minerálov- V piatok od 11 &#8211; 21 hod. v sobotu od 9 &#8211; 20 hod. V sobotu bude možné si vyskúšať v rámci výstavy naviac ryžovanie zlata. </p>



<p>Akcia sa koná v OC MAX Poprad v dňoch 20.9. &#8211; 21.9.</p>



<figure class="wp-block-image"><img loading="lazy" decoding="async" width="724" height="1024" src="https://regiontatry.sk/wp-content/uploads/2019/09/MAX_PP_Poster_A3_mineraly_bez_orezoviek-page-001-724x1024.jpg" alt="" class="wp-image-20330" srcset="https://regiontatry.sk/wp-content/uploads/2019/09/MAX_PP_Poster_A3_mineraly_bez_orezoviek-page-001-724x1024.jpg 724w, https://regiontatry.sk/wp-content/uploads/2019/09/MAX_PP_Poster_A3_mineraly_bez_orezoviek-page-001-212x300.jpg 212w, https://regiontatry.sk/wp-content/uploads/2019/09/MAX_PP_Poster_A3_mineraly_bez_orezoviek-page-001-768x1086.jpg 768w, https://regiontatry.sk/wp-content/uploads/2019/09/MAX_PP_Poster_A3_mineraly_bez_orezoviek-page-001-1705x2411.jpg 1705w, https://regiontatry.sk/wp-content/uploads/2019/09/MAX_PP_Poster_A3_mineraly_bez_orezoviek-page-001-698x987.jpg 698w, https://regiontatry.sk/wp-content/uploads/2019/09/MAX_PP_Poster_A3_mineraly_bez_orezoviek-page-001-552x780.jpg 552w, https://regiontatry.sk/wp-content/uploads/2019/09/MAX_PP_Poster_A3_mineraly_bez_orezoviek-page-001.jpg 1754w" sizes="(max-width: 724px) 100vw, 724px" /></figure>

<p>Burza a výstava minerálov, skamenelín a výrobkov z drahých kameňov. 6. ročník burzy a výstavy minerálov zo Slovenska i zo sveta, ako aj šperkov  z minerálov- V piatok od 11 &#8211; 21 hod. v sobotu od 9 &#8211; 20 hod. V sobotu bude možné si vyskúšať v rámci výstavy naviac ryžovanie zlata.  Akcia sa koná v [&hellip;]</p>
