{"id":15996,"date":"2018-08-28T10:14:26","date_gmt":"2018-08-28T08:14:26","guid":{"rendered":"https:\/\/regiontatry.sk\/region\/"},"modified":"2025-01-31T09:23:26","modified_gmt":"2025-01-31T08:23:26","slug":"region","status":"publish","type":"page","link":"https:\/\/regiontatry.sk\/pl\/region\/","title":{"rendered":"Regi\u00f3n"},"content":{"rendered":"\n<p>Vitajte v regi\u00f3ne Tatry, kde sa stret\u00e1va fascinuj\u00face kult\u00farne dedi\u010dstvo s ohromuj\u00facim pr\u00edrodn\u00fdm bohatstvom. Je domovom pre rozmanit\u00e9 z\u00e1\u017eitky, ktor\u00e9 v\u00e1m pon\u00fakaj\u00fa poh\u013ead na hist\u00f3riu, architekt\u00faru, a kr\u00e1su pr\u00edrody.<\/p>\n\n\n\n<p><strong>Kult\u00farne dedi\u010dstvo Tatry<\/strong> o\u017e\u00edva v na\u0161ich historick\u00fdch pamiatkach a n\u00e1rodn\u00fdch parkoch. Objavte <strong>tatransk\u00fa architekt\u00faru<\/strong> a jej jedine\u010dn\u00e9 rysy, ktor\u00e9 sa odzrkad\u013euj\u00fa v na\u0161ich mest\u00e1ch a dedin\u00e1ch. N\u00e1v\u0161tevn\u00edci m\u00f4\u017eu tie\u017e objavova\u0165 <strong>tradi\u010dn\u00e9 remesl\u00e1 v Tatr\u00e1ch<\/strong>, ktor\u00e9 s\u00fa s\u00fa\u010das\u0165ou n\u00e1\u0161ho dedi\u010dstva .<\/p>\n\n\n\n<p>Prirodzen\u00e1 kr\u00e1sa regi\u00f3nu Tatry je z\u00e1zrakom pr\u00edrody. Na\u0161e <strong>horsk\u00e9 pr\u00edrodn\u00e9 rezerv\u00e1cie<\/strong> a <strong>geologick\u00e9 \u00fatvary<\/strong> s\u00fa domovom pre vz\u00e1cne rastliny a \u017eivo\u010d\u00edchy, ktor\u00e9 obohacuj\u00fa n\u00e1\u0161 ekosyst\u00e9m. Pre milovn\u00edkov pr\u00edrody pon\u00faka \u0161irok\u00fa \u0161k\u00e1lu aktiv\u00edt, od turistiky v n\u00e1rodn\u00fdch parkoch a\u017e po pokojn\u00e9 chv\u00edle str\u00e1ven\u00e9 v&nbsp;m\u00faze\u00e1ch a kostoloch<\/p>\n\n\n\n<p>Ka\u017ed\u00fd rok sa kon\u00e1 mno\u017estvo <strong>kult\u00farnych podujat\u00ed v\u00a0Tatr\u00e1ch a okol\u00ed<\/strong>, ktor\u00e9 oslavuj\u00fa na\u0161e dedi\u010dstvo a umenie. Nav\u0161t\u00edvte regi\u00f3n po\u010das <strong>folkl\u00f3rnych festivalov<\/strong>, ktor\u00e9 pon\u00fakaj\u00fa hudbu, tanec a trad\u00edcie regi\u00f3nu.<\/p>\n<p>\u00a0<\/p>\n\n\n\n<h2 class=\"wp-block-heading\"><a href=\"\/?cmplz-region=potulky-za-historiou-a-tradiciami\">Potulky za hist\u00f3riou a trad\u00edciami<\/a><\/h2>\n\n\n\n<h2 class=\"wp-block-heading\"><a href=\"\/?cmplz-region=10-prirodnych-naj\">10 pr\u00edrodn\u00fdch NAJ<\/a><\/h2>\n\n\n\n<h2 class=\"wp-block-heading\"><a href=\"\/?cmplz-region=jedinecnost-regionu\">Jedine\u010dnos\u0165 regi\u00f3nu<\/a><\/h2>\n\n\n\n<h2 class=\"wp-block-heading\"><a href=\"\/?cmplz-region=muzea-a-galerie\">M\u00faze\u00e1 a gal\u00e9rie<\/a><\/h2>\n\n\n\n<h2 class=\"wp-block-heading\"><a href=\"\/?cmplz-region=kostoly\">Kostoly<\/a><\/h2>\n\n\n\n<h2 class=\"wp-block-heading\"><a href=\"\/?cmplz-region=tipy-na-vylety-v-okoli\">Tipy na v\u00fdlety v okol\u00ed<\/a><\/h2>\n\n\n\n<h2 class=\"wp-block-heading\"><a href=\"https:\/\/regiontatry.sk\/jan-pavol-ii-vo-vysokych-tatrach\/\">J\u00e1n Pavol II. vo Vysok\u00fdch Tatr\u00e1ch<\/a><\/h2>\n","protected":false},"excerpt":{"rendered":"<p>Vitajte v regi\u00f3ne Tatry, kde sa stret\u00e1va fascinuj\u00face kult\u00farne dedi\u010dstvo s ohromuj\u00facim pr\u00edrodn\u00fdm bohatstvom. Je domovom pre rozmanit\u00e9 z\u00e1\u017eitky, ktor\u00e9 v\u00e1m pon\u00fakaj\u00fa poh\u013ead na hist\u00f3riu, architekt\u00faru, a kr\u00e1su pr\u00edrody. Kult\u00farne dedi\u010dstvo Tatry o\u017e\u00edva v na\u0161ich historick\u00fdch pamiatkach a n\u00e1rodn\u00fdch parkoch. Objavte tatransk\u00fa architekt\u00faru a jej jedine\u010dn\u00e9 rysy, ktor\u00e9 sa odzrkad\u013euj\u00fa v na\u0161ich mest\u00e1ch a dedin\u00e1ch. [&hellip;]<\/p>\n","protected":false},"author":4,"featured_media":8046,"parent":0,"menu_order":0,"comment_status":"closed","ping_status":"closed","template":"template-subpages.php","meta":{"footnotes":""},"class_list":["post-15996","page","type-page","status-publish","has-post-thumbnail","hentry"],"_links":{"self":[{"href":"https:\/\/regiontatry.sk\/pl\/wp-json\/wp\/v2\/pages\/15996"}],"collection":[{"href":"https:\/\/regiontatry.sk\/pl\/wp-json\/wp\/v2\/pages"}],"about":[{"href":"https:\/\/regiontatry.sk\/pl\/wp-json\/wp\/v2\/types\/page"}],"author":[{"embeddable":true,"href":"https:\/\/regiontatry.sk\/pl\/wp-json\/wp\/v2\/users\/4"}],"replies":[{"embeddable":true,"href":"https:\/\/regiontatry.sk\/pl\/wp-json\/wp\/v2\/comments?post=15996"}],"version-history":[{"count":3,"href":"https:\/\/regiontatry.sk\/pl\/wp-json\/wp\/v2\/pages\/15996\/revisions"}],"predecessor-version":[{"id":10096655,"href":"https:\/\/regiontatry.sk\/pl\/wp-json\/wp\/v2\/pages\/15996\/revisions\/10096655"}],"wp:featuredmedia":[{"embeddable":true,"href":"https:\/\/regiontatry.sk\/pl\/wp-json\/wp\/v2\/media\/8046"}],"wp:attachment":[{"href":"https:\/\/regiontatry.sk\/pl\/wp-json\/wp\/v2\/media?parent=15996"}],"curies":[{"name":"wp","href":"https:\/\/api.w.org\/{rel}","templated":true}]}}

Región

<p>Vitajte v regióne Tatry, kde sa stretáva fascinujúce kultúrne dedičstvo s ohromujúcim prírodným bohatstvom. Je domovom pre rozmanité zážitky, ktoré vám ponúkajú pohľad na históriu, architektúru, a krásu prírody.</p>



<p><strong>Kultúrne dedičstvo Tatry</strong> ožíva v našich historických pamiatkach a národných parkoch. Objavte <strong>tatranskú architektúru</strong> a jej jedinečné rysy, ktoré sa odzrkadľujú v našich mestách a dedinách. Návštevníci môžu tiež objavovať <strong>tradičné remeslá v Tatrách</strong>, ktoré sú súčasťou nášho dedičstva .</p>



<p>Prirodzená krása regiónu Tatry je zázrakom prírody. Naše <strong>horské prírodné rezervácie</strong> a <strong>geologické útvary</strong> sú domovom pre vzácne rastliny a živočíchy, ktoré obohacujú náš ekosystém. Pre milovníkov prírody ponúka širokú škálu aktivít, od turistiky v národných parkoch až po pokojné chvíle strávené v&nbsp;múzeách a kostoloch</p>



<p>Každý rok sa koná množstvo <strong>kultúrnych podujatí v Tatrách a okolí</strong>, ktoré oslavujú naše dedičstvo a umenie. Navštívte región počas <strong>folklórnych festivalov</strong>, ktoré ponúkajú hudbu, tanec a tradície regiónu.</p>
<p> </p>



<h2 class="wp-block-heading"><a href="/?cmplz-region=potulky-za-historiou-a-tradiciami">Potulky za históriou a tradíciami</a></h2>



<h2 class="wp-block-heading"><a href="/?cmplz-region=10-prirodnych-naj">10 prírodných NAJ</a></h2>



<h2 class="wp-block-heading"><a href="/?cmplz-region=jedinecnost-regionu">Jedinečnosť regiónu</a></h2>



<h2 class="wp-block-heading"><a href="/?cmplz-region=muzea-a-galerie">Múzeá a galérie</a></h2>



<h2 class="wp-block-heading"><a href="/?cmplz-region=kostoly">Kostoly</a></h2>



<h2 class="wp-block-heading"><a href="/?cmplz-region=tipy-na-vylety-v-okoli">Tipy na výlety v okolí</a></h2>



<h2 class="wp-block-heading"><a href="https://regiontatry.sk/jan-pavol-ii-vo-vysokych-tatrach/">Ján Pavol II. vo Vysokých Tatrách</a></h2>

<p>Vitajte v regióne Tatry, kde sa stretáva fascinujúce kultúrne dedičstvo s ohromujúcim prírodným bohatstvom. Je domovom pre rozmanité zážitky, ktoré vám ponúkajú pohľad na históriu, architektúru, a krásu prírody. Kultúrne dedičstvo Tatry ožíva v našich historických pamiatkach a národných parkoch. Objavte tatranskú architektúru a jej jedinečné rysy, ktoré sa odzrkadľujú v našich mestách a dedinách. [&hellip;]</p>
